{"id":77,"date":"2019-11-25T23:20:13","date_gmt":"2019-11-25T22:20:13","guid":{"rendered":"http:\/\/wzalesiu.pl\/?page_id=77"},"modified":"2024-10-15T22:54:40","modified_gmt":"2024-10-15T20:54:40","slug":"wakacje-na-mazurach","status":"publish","type":"page","link":"https:\/\/wzalesiu.pl\/index.php\/ceny-i-warunki\/wakacje-na-mazurach\/","title":{"rendered":"Wakacje w domku nad jeziorem na Mazurach"},"content":{"rendered":"\n<figure class=\"wp-block-image size-large\"><img decoding=\"async\" data-src=\"https:\/\/wzalesiu.pl\/wp-content\/uploads\/2022\/01\/domek3-1024x461.jpg\" alt=\"\" class=\"wp-image-2402 lazyload\" src=\"data:image\/svg+xml;base64,PHN2ZyB3aWR0aD0iMSIgaGVpZ2h0PSIxIiB4bWxucz0iaHR0cDovL3d3dy53My5vcmcvMjAwMC9zdmciPjwvc3ZnPg==\" style=\"--smush-placeholder-width: 1024px; --smush-placeholder-aspect-ratio: 1024\/461;\" \/><figcaption class=\"wp-element-caption\">WAKACJE SLOW TIME <\/figcaption><\/figure>\n\n\n\n<h2 class=\"wp-block-heading\">Jak zlokalizowane s\u0105 nasze domki?<\/h2>\n\n\n\n<p>Domki z bali zlokalizowane s\u0105 oddalone od linii brzegowej jeziora o 100m. Doj\u015bcie do piaszczystej pla\u017cy oddalonej oko\u0142o 170m od domk\u00f3w zajmuje 3 minuty.  Mniejszy domek zlokalizowany jest przy samej pla\u017cy.<\/p>\n\n\n\n<h2 class=\"wp-block-heading\">Jakie s\u0105 ceny wynaj\u0119cia du\u017cego domku nad jeziorem na wakacje na mazurach? <\/h2>\n\n\n\n<h3 class=\"wp-block-heading\"><a href=\"https:\/\/wzalesiu.pl\/index.php\/dom-z-2-sypialniami-przy-plazy\/\" data-type=\"URL\" data-id=\"https:\/\/wzalesiu.pl\/index.php\/dom-z-2-sypialniami-przy-plazy\/\">Ma\u0142y domek nad jeziorem<\/a> 4 osobowy<\/h3>\n\n\n\n<ul class=\"wp-block-list\">\n<li>Wakacje wysoki sezon (08.07.2025\u00a0&#8211;\u00a025.08.2025) 650 z\u0142 \/ doba<\/li>\n\n\n\n<li>Wakacje niski sezon (30.06.2025\u00a0&#8211;\u00a007.07.2025, 26.08.2025\u00a0&#8211; 31.08.2024) &#8211; 600 z\u0142 \/ doba<\/li>\n<\/ul>\n\n\n\n<h3 class=\"wp-block-heading\"><a href=\"https:\/\/wzalesiu.pl\/index.php\/domki-na-mazurach-nad-jeziorem\/\">Rodzinny domek nad jeziorem<\/a> 11 osobowy<\/h3>\n\n\n\n<ul class=\"wp-block-list\">\n<li>Wakacje wysoki sezon (08.07.2025\u00a0&#8211;\u00a025.08.2025) 1000 z\u0142 \/ doba od niedzieli do czwartku , 1000 z\u0142 \/ doba w pi\u0105tek i sobot\u0119<\/li>\n\n\n\n<li>Wakacje niski sezon (30.06.2025\u00a0&#8211;\u00a007.07.2024, 26.08.2025\u00a0&#8211; 31.08.2025) &#8211; 900 z\u0142 \/ doba od niedzieli do czwartku , 900 z\u0142 \/ doba w pi\u0105tek i sobot\u0119.<\/li>\n<\/ul>\n\n\n\n<p>Ceny obowi\u0105zuj\u0105 dla wynajmu na min 5 d\u00f3b. Opr\u00f3cz tego obowi\u0105zuj\u0105 zni\u017cki 5% dla wynajm\u00f3w d\u0142u\u017cszych ni\u017c 7 dni. Dop\u0142aty za kr\u00f3tszy pobyt i zni\u017cka za d\u0142ugi pobyt jest automatycznie naliczona podczas rezerwacji.<\/p>\n\n\n\n<p>Mo\u017cliwo\u015b\u0107 wynaj\u0119cia <a href=\"https:\/\/wzalesiu.pl\/index.php\/wypozyczalnia-lodzi-olsztyn-i-barczewo\/\">jachtu<\/a> bez sternika &#8211; WAKACYJNA OFERTA!!!<\/p>\n\n\n\n<p class=\"has-medium-font-size\">Je\u017celi szukasz promocji <a href=\"https:\/\/wzalesiu.pl\/index.php\/last-minute\/\">ZAPRASZAMY DO ZAPOZNANIA SI\u0118 Z OFERTAMI LAST MINUTE W NI\u017bSZYCH CENACH!<\/a><\/p>\n\n\n\n<p><strong>Na Mazurach<\/strong> czas wolniej p\u0142ynie . .<br>Nie my\u015bl o tym co masz zrobi\u0107. Wy\u0142\u0105cz telefon kom\u00f3rkowy, od\u0142\u00f3\u017c komputer i pozw\u00f3l sobie na s\u0142odkie lenistwo. Zaplanuj wakacje w rytmie slow z widokiem na warmi\u0144sk\u0105 przyrod\u0119 z bliska. Domki z bali nad jeziorem to idealne miejsce dla os\u00f3b szukaj\u0105cych ciszy i mazurskich klimat\u00f3w. We\u017a ze sob\u0105 rodzin\u0119, psa, ulubion\u0105 ksi\u0105\u017ck\u0119 i celebruj \u017cycie oraz smakuj natur\u0119. <\/p>\n\n\n\n<p>U nas zobaczysz z bliska brodz\u0105ce po polu \u017curawie oraz bociany. A jad\u0105c do nas po le\u015bnej \u015bcie\u017cce mo\u017ce uda Ci si\u0119 wypatrze\u0107 kicaj\u0105cego zaj\u0105ca lub park\u0119 biegn\u0105cych saren.<\/p>\n\n\n\n<p>Tegoroczne wakacje nad jeziorem w naszym <span style=\"text-decoration: underline;\">Domku z bali<\/span> up\u0142yn\u0105 niczym zielona sielanka. Piesze w\u0119dr\u00f3wki po le\u015bnych \u015bcie\u017ckach, malownicze trasy idealne do nordic walkingu, wsp\u00f3lne gry planszowe z dzie\u0107mi, rodzinne pieczenie kie\u0142basek i ziemniak\u00f3w przy ognisku oraz zwyczajne patrzenie si\u0119 w rozgwie\u017cd\u017cone niebo noc\u0105 pozwalaj\u0105 odci\u0105\u0107 si\u0119 od codzienno\u015bci. <\/p>\n\n\n\n<p>Du\u017cym atutem okolicy s\u0105 liczne \u015bcie\u017cki biegowe, piesze oraz rowerowe. Dost\u0119p do wsp\u00f3lnej pla\u017cy naszych domk\u00f3w ok. 100 m. Ciesz si\u0119 wakacyjn\u0105 wolno\u015bci\u0105, skorzystaj z atrakcyjnych cen i zosta\u0144 z nami na d\u0142u\u017cej!<\/p>\n\n\n\nngg_shortcode_0_placeholder\n\n\n\n<h2 class=\"wp-block-heading\">Czego nie mo\u017cesz przegapi\u0107 b\u0119d\u0105c w naszych domkach nad jeziorem?<\/h2>\n\n\n\n<p>Posiadamy w\u0142asn\u0105\u00a0<strong>saun\u0119 fi\u0144sk\u0105<\/strong>\u00a0z aromaterapi\u0105 oraz\u00a0<strong>bali\u0119 z hydromasa\u017cem<\/strong>, kt\u00f3ra pomie\u015bci max. 7os. Strefa Relaksu zlokalizowana jest przy pla\u017cy z widokiem na jezioro. Mo\u017cliwo\u015b\u0107 wynaj\u0119cia sauny \u2013 150pln\/1h oraz balii\u00a0150pln\/1h, druga i ka\u017cda kolejna godzina \u2013 150pln.<\/p>\n\n\n\nngg_shortcode_1_placeholder\n\n\n\n<h2 class=\"wp-block-heading\">Jak wygl\u0105da rozk\u0142ad pomieszcze\u0144 domk\u00f3w? <\/h2>\n\n\n\n<h3 class=\"wp-block-heading\"><a href=\"https:\/\/wzalesiu.pl\/index.php\/dom-z-2-sypialniami-przy-plazy\/\">Ma\u0142y domek nad jeziorem<\/a> 4 osobowy<\/h3>\n\n\n\n<p>NA PARTERZE: <a href=\"https:\/\/wzalesiu.pl\/index.php\/dom-z-2-sypialniami-przy-plazy\/\" data-type=\"page\" data-id=\"2860\">(zdj\u0119cia i rozk\u0142ad pomieszcze\u0144) <\/a><br>&#8211; otwarty salon z aneksem kuchennym, st\u00f3\u0142 i krzes\u0142a dla 8 os\u00f3b oraz dwuosobowa rozk\u0142adana kanapa z funkcj\u0105 spania<br>&#8211; sypialnia 1 &#8211; jedno \u0142\u00f3\u017cko dwuosobowe <br>&#8211; sypialnia 2 &#8211; jedno \u0142\u00f3\u017cko dwuosobowe<br>&#8211; \u0142azienka z prysznicem, umywalk\u0105 i WC<br>&#8211; Taras z widokiem na jezioro i ogr\u00f3dek<br><\/p>\n\n\n\n<h3 class=\"wp-block-heading\"><a data-type=\"URL\" data-id=\"https:\/\/wzalesiu.pl\/index.php\/domki-na-mazurach-z-bala\/\" href=\"https:\/\/wzalesiu.pl\/index.php\/domki-na-mazurach-z-bala\/\">Du\u017cy domek nad jeziorem<\/a> 11 osobowy<\/h3>\n\n\n\n<p>NA PARTERZE: <a href=\"https:\/\/wzalesiu.pl\/index.php\/domki-na-mazurach-z-bala\/\">(zdj\u0119cia i rozk\u0142ad pomieszcze\u0144) <\/a><br>&#8211; otwarty salon z aneksem kuchennym, st\u00f3\u0142 i krzes\u0142a dla 8 os\u00f3b oraz dwuosobowa rozk\u0142adana kanapa z funkcj\u0105 spania<br>&#8211; sypialnia 1 z widokiem na jezioro &#8211; jedno \u0142\u00f3\u017cko dwuosobowe <br>&#8211; \u0142azienka z prysznicem, umywalk\u0105 i WC<br>&#8211; oddzielne WC z umywalk\u0105 <\/p>\n\n\n\n<p><\/p>\n\n\n\n<p>NA PI\u0118TRZE: <a href=\"https:\/\/wzalesiu.pl\/index.php\/domki-na-mazurach-z-bala\/\">(zdj\u0119cia i rozk\u0142ad pomieszcze\u0144) <\/a><br>&#8211; sypialnia 2 z widokiem na jezioro &#8211; jedno \u0142\u00f3\u017cko jednoosobowe i jedno \u0142\u00f3\u017cko dwuosobowe<br>&#8211; sypialnia 3 z widokiem na jezioro &#8211; trzy \u0142\u00f3\u017cka jednoosobowe i jedno \u0142\u00f3\u017cko dwuosobowe<\/p>\n\n\n\n<h2 class=\"wp-block-heading\">Jak wyposa\u017cone s\u0105 nasze domki? <\/h2>\n\n\n\n<p>Domek jest w pe\u0142ni wyposa\u017cony i ogrzewany. Do dyspozycji naszych Go\u015bci jest:<br>&#8211; \u015bwie\u017ca po\u015bciel,<br>&#8211; r\u0119czniki (15 pln\/os.)<br>&#8211; zastawa sto\u0142owa,<br>&#8211; czajnik,<br>&#8211; zestaw garnk\u00f3w i patelni,<br>&#8211; zmywarka,<br>&#8211; pralka i suszarka na pranie,<br>&#8211; lod\u00f3wka z zamra\u017cark\u0105,<br>&#8211; p\u0142yta indukcyjna,<br>&#8211; bramka ochronna zabezpieczaj\u0105ca na schody dla dzieci,<br>&#8211; og\u00f3lnodost\u0119pny bezp\u0142atny i monitorowany parking,<br>&#8211; internet Wi-Fi<br><a href=\"https:\/\/wzalesiu.pl\/index.php\/atrakcje-na-mazurach-zalesie\/\">&#8211; drewniany plac zabaw z dwoma domkami, k\u0142adk\u0105, \u015blizgiem, piaskownic\u0105, stolikiem z \u0142aweczkami, link\u0105 i \u015bciank\u0105 do wspinaczki oraz dwiema hu\u015btawkami.<\/a><\/p>\n\n\n\n<h3 class=\"wp-block-heading\">Warunki przyjazdu ze zwierz\u0119tami. <\/h3>\n\n\n\n<p>Akceptujemy zwierz\u0119ta (25 pln\/szt.\/doba), max 150 pln za ca\u0142y pobyt zwierzaka\/\u00f3w.<\/p>\n\n\n\n<h2 class=\"wp-block-heading\">Co mo\u017cna robi\u0107 w wolnym czasie poza pla\u017cowaniem?<\/h2>\n\n\n\n<p>Domek ma sw\u00f3j w\u0142asny prywatny ogr\u00f3dek. Dla fan\u00f3w pieczonych przysmak\u00f3w nie zabraknie grilla czy ogniska. Grill i palenisko s\u0105 dost\u0119pne przy ka\u017cdym domku bezp\u0142atnie. Je\u015bli marzy Wam si\u0119 wi\u0119ksze ognisko lub potrzebujecie obs\u0142ugi, mo\u017cemy to dla Was zorganizowa\u0107.<\/p>\n\n\n\n<p>Wiecie, \u017ce Domki w Zalesiu na Mazurach zlokalizowane s\u0105 nad samym jeziorem a nasza prywatna piaszczysta pla\u017ca znajduje si\u0119 tylko w odleg\u0142o\u015bci 100 metr\u00f3w od domk\u00f3w? Relaks na pla\u017cy lub opalanie na piasku i mo\u017cliwo\u015b\u0107 sch\u0142odzenia si\u0119 w jeziorze jest gwarantowany!<\/p>\n\n\n\n<p>Je\u015bli marzycie by te wakacje by\u0142y niezapomnian\u0105 przygod\u0105, nie mo\u017ce zabrakn\u0105\u0107 sp\u0142ywu kajakowego lub rejsu jachtem \u2013 skontaktujcie si\u0119 z nami, my pomo\u017cemy Wam wszystko zorganizowa\u0107.&nbsp;<\/p>\n\n\n\n<p>Nie macie patentu? Nic straconego. Tutaj mo\u017cecie wypo\u017cyczy\u0107 jacht na rejs po jeziorze Orzyc lub zorganizowa\u0107 wyj\u0105tkowy sp\u0142yw kajakowy Pis\u0105. Wystartujecie z prywatnej pla\u017cy obiektu i b\u0119dziecie mogli wybra\u0107 a\u017c 4 r\u00f3\u017cne trasy!<\/p>\n\n\n\n<p>Je\u015bli lubicie aktywnie sp\u0119dza\u0107 czas latem, skorzystajcie z naszego boiska do pi\u0142ki pla\u017cowej i we\u017acie udzia\u0142 we wsp\u00f3lnych rozgrywkach w pi\u0142k\u0119 siatkow\u0105.&nbsp;<\/p>\n\n\n\n<p>Ta atrakcja jest \u015bwietna dla fan\u00f3w pla\u017c\u00f3wki i niezwykle urozmaica czas wolny. Nie musisz by\u0107 jak Kurek czy Skowro\u0144ska, w letnich rozgrywkach liczy si\u0119 pozytywna energia i dobry humor!<\/p>\n\n\n\n<p>Pozosta\u0142e atrakcje <a data-type=\"page\" data-id=\"2555\" href=\"https:\/\/wzalesiu.pl\/index.php\/atrakcje-na-mazurach-zalesie\/atrakcje-turystyczne-barczewa-olsztyna\/\">okolicy<\/a> i <a data-type=\"page\" data-id=\"53\" href=\"https:\/\/wzalesiu.pl\/index.php\/atrakcje-na-mazurach-zalesie\/\">o\u015brodka<\/a>.<\/p>\n\n\n\n<p>Posiadamy 50 miejsc noclegowych, \u0142\u0105cznie 5 domk\u00f3w.<\/p>\n\n\n\nngg_shortcode_2_placeholder\n\n\n\n<p>ZAPRASZAMY NA RODZINNE WAKACJE 2025<\/p>\n","protected":false},"excerpt":{"rendered":"<p>Jak zlokalizowane s\u0105 nasze domki? Domki z bali zlokalizowane s\u0105 oddalone od linii brzegowej jeziora o 100m. Doj\u015bcie do piaszczystej pla\u017cy oddalonej oko\u0142o 170m od domk\u00f3w zajmuje 3 minuty. Mniejszy domek zlokalizowany jest przy samej &#8230;<\/p>\n","protected":false},"author":1,"featured_media":0,"parent":57,"menu_order":0,"comment_status":"closed","ping_status":"closed","template":"","meta":{"ngg_post_thumbnail":0,"footnotes":""},"class_list":["post-77","page","type-page","status-publish","hentry"],"yoast_head":"<!-- This site is optimized with the Yoast SEO plugin v27.3 - https:\/\/yoast.com\/product\/yoast-seo-wordpress\/ -->\n<title>Wakacje w domku nad jeziorem na Mazurach - Zalesie 7D<\/title>\n<meta name=\"robots\" content=\"index, follow, max-snippet:-1, max-image-preview:large, max-video-preview:-1\" \/>\n<link rel=\"canonical\" href=\"https:\/\/wzalesiu.pl\/index.php\/ceny-i-warunki\/wakacje-na-mazurach\/\" \/>\n<meta property=\"og:locale\" content=\"pl_PL\" \/>\n<meta property=\"og:type\" content=\"article\" \/>\n<meta property=\"og:title\" content=\"Wakacje w domku nad jeziorem na Mazurach - Zalesie 7D\" \/>\n<meta property=\"og:description\" content=\"Jak zlokalizowane s\u0105 nasze domki? Domki z bali zlokalizowane s\u0105 oddalone od linii brzegowej jeziora o 100m. Doj\u015bcie do piaszczystej pla\u017cy oddalonej oko\u0142o 170m od domk\u00f3w zajmuje 3 minuty. Mniejszy domek zlokalizowany jest przy samej ...\" \/>\n<meta property=\"og:url\" content=\"https:\/\/wzalesiu.pl\/index.php\/ceny-i-warunki\/wakacje-na-mazurach\/\" \/>\n<meta property=\"og:site_name\" content=\"Zalesie 7D\" \/>\n<meta property=\"article:publisher\" content=\"https:\/\/www.facebook.com\/Domkiwzalesiu\/?locale=pl_PL\" \/>\n<meta property=\"article:modified_time\" content=\"2024-10-15T20:54:40+00:00\" \/>\n<meta property=\"og:image\" content=\"https:\/\/wzalesiu.pl\/wp-content\/uploads\/2022\/01\/domek3-scaled-e1706650646271-1024x584.jpg\" \/>\n\t<meta property=\"og:image:width\" content=\"1024\" \/>\n\t<meta property=\"og:image:height\" content=\"584\" \/>\n\t<meta property=\"og:image:type\" content=\"image\/jpeg\" \/>\n<meta name=\"twitter:card\" content=\"summary_large_image\" \/>\n<meta name=\"twitter:label1\" content=\"Szacowany czas czytania\" \/>\n\t<meta name=\"twitter:data1\" content=\"6 minut\" \/>\n<!-- \/ Yoast SEO plugin. -->","yoast_head_json":{"title":"Wakacje w domku nad jeziorem na Mazurach - Zalesie 7D","robots":{"index":"index","follow":"follow","max-snippet":"max-snippet:-1","max-image-preview":"max-image-preview:large","max-video-preview":"max-video-preview:-1"},"canonical":"https:\/\/wzalesiu.pl\/index.php\/ceny-i-warunki\/wakacje-na-mazurach\/","og_locale":"pl_PL","og_type":"article","og_title":"Wakacje w domku nad jeziorem na Mazurach - Zalesie 7D","og_description":"Jak zlokalizowane s\u0105 nasze domki? Domki z bali zlokalizowane s\u0105 oddalone od linii brzegowej jeziora o 100m. Doj\u015bcie do piaszczystej pla\u017cy oddalonej oko\u0142o 170m od domk\u00f3w zajmuje 3 minuty. Mniejszy domek zlokalizowany jest przy samej ...","og_url":"https:\/\/wzalesiu.pl\/index.php\/ceny-i-warunki\/wakacje-na-mazurach\/","og_site_name":"Zalesie 7D","article_publisher":"https:\/\/www.facebook.com\/Domkiwzalesiu\/?locale=pl_PL","article_modified_time":"2024-10-15T20:54:40+00:00","og_image":[{"width":1024,"height":584,"url":"https:\/\/wzalesiu.pl\/wp-content\/uploads\/2022\/01\/domek3-scaled-e1706650646271-1024x584.jpg","type":"image\/jpeg"}],"twitter_card":"summary_large_image","twitter_misc":{"Szacowany czas czytania":"6 minut"},"schema":{"@context":"https:\/\/schema.org","@graph":[{"@type":"WebPage","@id":"https:\/\/wzalesiu.pl\/index.php\/ceny-i-warunki\/wakacje-na-mazurach\/","url":"https:\/\/wzalesiu.pl\/index.php\/ceny-i-warunki\/wakacje-na-mazurach\/","name":"Wakacje w domku nad jeziorem na Mazurach - Zalesie 7D","isPartOf":{"@id":"https:\/\/wzalesiu.pl\/#website"},"primaryImageOfPage":{"@id":"https:\/\/wzalesiu.pl\/index.php\/ceny-i-warunki\/wakacje-na-mazurach\/#primaryimage"},"image":{"@id":"https:\/\/wzalesiu.pl\/index.php\/ceny-i-warunki\/wakacje-na-mazurach\/#primaryimage"},"thumbnailUrl":"https:\/\/wzalesiu.pl\/wp-content\/uploads\/2022\/01\/domek3-1024x461.jpg","datePublished":"2019-11-25T22:20:13+00:00","dateModified":"2024-10-15T20:54:40+00:00","breadcrumb":{"@id":"https:\/\/wzalesiu.pl\/index.php\/ceny-i-warunki\/wakacje-na-mazurach\/#breadcrumb"},"inLanguage":"pl-PL","potentialAction":[{"@type":"ReadAction","target":["https:\/\/wzalesiu.pl\/index.php\/ceny-i-warunki\/wakacje-na-mazurach\/"]}]},{"@type":"ImageObject","inLanguage":"pl-PL","@id":"https:\/\/wzalesiu.pl\/index.php\/ceny-i-warunki\/wakacje-na-mazurach\/#primaryimage","url":"https:\/\/wzalesiu.pl\/wp-content\/uploads\/2022\/01\/domek3-1024x461.jpg","contentUrl":"https:\/\/wzalesiu.pl\/wp-content\/uploads\/2022\/01\/domek3-1024x461.jpg"},{"@type":"BreadcrumbList","@id":"https:\/\/wzalesiu.pl\/index.php\/ceny-i-warunki\/wakacje-na-mazurach\/#breadcrumb","itemListElement":[{"@type":"ListItem","position":1,"name":"Strona g\u0142\u00f3wna","item":"https:\/\/wzalesiu.pl\/"},{"@type":"ListItem","position":2,"name":"Ceny i warunki","item":"https:\/\/wzalesiu.pl\/index.php\/ceny-i-warunki\/"},{"@type":"ListItem","position":3,"name":"Wakacje w domku nad jeziorem na Mazurach"}]},{"@type":"WebSite","@id":"https:\/\/wzalesiu.pl\/#website","url":"https:\/\/wzalesiu.pl\/","name":"Domki nad jeziorem - Zalesie 7D","description":"Domki nad jeziorem z w\u0142asn\u0105 lini\u0105 brzegow\u0105 i jacuzzi","publisher":{"@id":"https:\/\/wzalesiu.pl\/#organization"},"potentialAction":[{"@type":"SearchAction","target":{"@type":"EntryPoint","urlTemplate":"https:\/\/wzalesiu.pl\/?s={search_term_string}"},"query-input":{"@type":"PropertyValueSpecification","valueRequired":true,"valueName":"search_term_string"}}],"inLanguage":"pl-PL"},{"@type":"Organization","@id":"https:\/\/wzalesiu.pl\/#organization","name":"Domki nad Jeziorem - Zalesie 7D","url":"https:\/\/wzalesiu.pl\/","logo":{"@type":"ImageObject","inLanguage":"pl-PL","@id":"https:\/\/wzalesiu.pl\/#\/schema\/logo\/image\/","url":"https:\/\/wzalesiu.pl\/wp-content\/uploads\/2020\/03\/cropped-Logo-wzalesiu_stronka.png","contentUrl":"https:\/\/wzalesiu.pl\/wp-content\/uploads\/2020\/03\/cropped-Logo-wzalesiu_stronka.png","width":161,"height":161,"caption":"Domki nad Jeziorem - Zalesie 7D"},"image":{"@id":"https:\/\/wzalesiu.pl\/#\/schema\/logo\/image\/"},"sameAs":["https:\/\/www.facebook.com\/Domkiwzalesiu\/?locale=pl_PL"]}]}},"_links":{"self":[{"href":"https:\/\/wzalesiu.pl\/index.php\/wp-json\/wp\/v2\/pages\/77","targetHints":{"allow":["GET"]}}],"collection":[{"href":"https:\/\/wzalesiu.pl\/index.php\/wp-json\/wp\/v2\/pages"}],"about":[{"href":"https:\/\/wzalesiu.pl\/index.php\/wp-json\/wp\/v2\/types\/page"}],"author":[{"embeddable":true,"href":"https:\/\/wzalesiu.pl\/index.php\/wp-json\/wp\/v2\/users\/1"}],"replies":[{"embeddable":true,"href":"https:\/\/wzalesiu.pl\/index.php\/wp-json\/wp\/v2\/comments?post=77"}],"version-history":[{"count":81,"href":"https:\/\/wzalesiu.pl\/index.php\/wp-json\/wp\/v2\/pages\/77\/revisions"}],"predecessor-version":[{"id":4723,"href":"https:\/\/wzalesiu.pl\/index.php\/wp-json\/wp\/v2\/pages\/77\/revisions\/4723"}],"up":[{"embeddable":true,"href":"https:\/\/wzalesiu.pl\/index.php\/wp-json\/wp\/v2\/pages\/57"}],"wp:attachment":[{"href":"https:\/\/wzalesiu.pl\/index.php\/wp-json\/wp\/v2\/media?parent=77"}],"curies":[{"name":"wp","href":"https:\/\/api.w.org\/{rel}","templated":true}]}}