{"id":4629,"date":"2024-08-24T19:28:57","date_gmt":"2024-08-24T17:28:57","guid":{"rendered":"https:\/\/wzalesiu.pl\/?page_id=4629"},"modified":"2024-09-09T21:14:31","modified_gmt":"2024-09-09T19:14:31","slug":"domek-na-urodziny","status":"publish","type":"page","link":"https:\/\/wzalesiu.pl\/index.php\/domek-na-urodziny\/","title":{"rendered":"Domek na urodziny na Mazurach i Warmii"},"content":{"rendered":"\n<h2 class=\"wp-block-heading\">Domek na urodziny z jacuzzi i saun\u0105 \u2013 twoja impreza w sercu Mazur<\/h2>\n\n\n\n<p>Planujesz urodziny i szukasz idealnego miejsca, kt\u00f3re po\u0142\u0105czy komfort, natur\u0119 i odrobin\u0119 luksusu? Domki w Zalesiu 7D to doskona\u0142y wyb\u00f3r na niezapomniane \u015bwi\u0119towanie. Po\u0142o\u017cone na malowniczym wzg\u00f3rzu z widokiem na jezioro Orzyc, te nowoczesne, drewniane domki oferuj\u0105 pe\u0142ni\u0119 relaksu z dala od zgie\u0142ku miasta.<\/p>\n\n\n\n<p>W Zalesiu 7D znajdziesz wszystko, czego potrzebujesz do udanego przyj\u0119cia urodzinowego \u2013 od przestronnych wn\u0119trz, przez prywatne ogrody z miejscem na grill, a\u017c po luksusowe udogodnienia, takie jak jacuzzi i sauna.<\/p>\n\n\n\n<h4 class=\"wp-block-heading\">Ile b\u0119dzie kosztowa\u0142y urodziny w naszych domkach?<\/h4>\n\n\n\n<h3 class=\"wp-block-heading has-text-align-left\">1. Op\u0142ata za wynajem domku lub domk\u00f3w. <\/h3>\n\n\n\n<p>Posiadamy <br>&#8211; <a href=\"https:\/\/wzalesiu.pl\/index.php\/domki-na-mazurach-nad-jeziorem\/\">4 domki<\/a>, w ka\u017cdym s\u0105 3 sypialnie, a w nich: 3 \u0142\u00f3zka dwuosobowe, 4 \u0142\u00f3\u017cka jednoosobowe i jedna rozk\u0142adana kanapa w salonie, czyli <strong>28-44 <\/strong>miejsca<\/p>\n\n\n\n<figure class=\"wp-block-image size-large\"><img decoding=\"async\" width=\"1024\" height=\"683\" data-src=\"https:\/\/wzalesiu.pl\/wp-content\/uploads\/2024\/01\/Fotoram.io-3-1024x683.jpg\" alt=\"domki na urodziny\" class=\"wp-image-4129 lazyload\" data-srcset=\"https:\/\/wzalesiu.pl\/wp-content\/uploads\/2024\/01\/Fotoram.io-3-1024x683.jpg 1024w, https:\/\/wzalesiu.pl\/wp-content\/uploads\/2024\/01\/Fotoram.io-3-300x200.jpg 300w, https:\/\/wzalesiu.pl\/wp-content\/uploads\/2024\/01\/Fotoram.io-3-768x512.jpg 768w, https:\/\/wzalesiu.pl\/wp-content\/uploads\/2024\/01\/Fotoram.io-3.jpg 1200w\" data-sizes=\"(max-width: 1024px) 100vw, 1024px\" src=\"data:image\/svg+xml;base64,PHN2ZyB3aWR0aD0iMSIgaGVpZ2h0PSIxIiB4bWxucz0iaHR0cDovL3d3dy53My5vcmcvMjAwMC9zdmciPjwvc3ZnPg==\" style=\"--smush-placeholder-width: 1024px; --smush-placeholder-aspect-ratio: 1024\/683;\" \/><\/figure>\n\n\n\n<p><br>&#8211; <a href=\"https:\/\/wzalesiu.pl\/index.php\/dom-z-2-sypialniami-przy-plazy\/\">parterowy domek z dwoma sypialniami,<\/a> a w ka\u017cdej 1 \u0142\u00f3\u017cko dwuosobowe, czyli <strong>2-4<\/strong> miejsca<\/p>\n\n\n<div class=\"wp-block-image\">\n<figure class=\"aligncenter size-full\"><img decoding=\"async\" width=\"900\" height=\"900\" data-src=\"https:\/\/wzalesiu.pl\/wp-content\/uploads\/2024\/02\/Fotoram.io-11.jpg\" alt=\"domki na imprez\u0119 integracyjn\u0105\" class=\"wp-image-4438 lazyload\" data-srcset=\"https:\/\/wzalesiu.pl\/wp-content\/uploads\/2024\/02\/Fotoram.io-11.jpg 900w, https:\/\/wzalesiu.pl\/wp-content\/uploads\/2024\/02\/Fotoram.io-11-300x300.jpg 300w, https:\/\/wzalesiu.pl\/wp-content\/uploads\/2024\/02\/Fotoram.io-11-150x150.jpg 150w, https:\/\/wzalesiu.pl\/wp-content\/uploads\/2024\/02\/Fotoram.io-11-768x768.jpg 768w, https:\/\/wzalesiu.pl\/wp-content\/uploads\/2024\/02\/Fotoram.io-11-100x100.jpg 100w\" data-sizes=\"(max-width: 900px) 100vw, 900px\" src=\"data:image\/svg+xml;base64,PHN2ZyB3aWR0aD0iMSIgaGVpZ2h0PSIxIiB4bWxucz0iaHR0cDovL3d3dy53My5vcmcvMjAwMC9zdmciPjwvc3ZnPg==\" style=\"--smush-placeholder-width: 900px; --smush-placeholder-aspect-ratio: 900\/900;\" \/><\/figure>\n<\/div>\n\n\n<p><br> &#8211; domek 6 osobowy z 6 \u0142\u00f3\u017ckami jednoosobowymi w dw\u00f3ch sypialniach ogrzewany kominkiem na drewno, czyli <strong>6<\/strong> miejsc<\/p>\n\n\n\n<p>&#8211; dla wi\u0119kszych grup \u0142\u0105czymy si\u0119 z s\u0105siadem o kolejne <strong>15 <\/strong>miejsc noclegowych, co pozwala nam pomie\u015bci\u0107 od <strong>40 do 60 <\/strong>os\u00f3b w zale\u017cno\u015bci od konfiguracji \u0142\u00f3\u017cek. <\/p>\n\n\n\n<p>a) 7, 8, 9, 10 os\u00f3b &#8211; wystarczy, \u017ce wynajmiesz 1 domek, <br>b) 10 &#8211; 15- 20 os\u00f3b &#8211; wystarczy, \u017ce wynajmiesz 2 domki<br>c) 20 &#8211; 25- 30 os\u00f3b &#8211; najbardziej optymalnie b\u0119dzie wynaj\u0105\u0107 3 domki <br>d) 30 &#8211; 35- 40 os\u00f3b &#8211; potrzebujesz przynajmniej 4 domki <br>e) wi\u0119cej ni\u017c 40 os\u00f3b &#8211; napisz, a my pomo\u017cemy skonfigurowa\u0107 pobyt<\/p>\n\n\n\n<p>Je\u017celi chcesz sprawdzi\u0107 aktualne ceny nocleg\u00f3w wejd\u017a <a href=\"https:\/\/wzalesiu.pl\/index.php\/wynajmij-domek-mazury\/\">w system rezerwacji<\/a>. Je\u017celi zdecydujesz si\u0119 wybra\u0107 nasze domki na imprez\u0119 urodzinow\u0105 napisz do nas, a pomo\u017cemy Ci j\u0105 zorganizowa\u0107 . <a href=\"https:\/\/wzalesiu.pl\/index.php\/cennik-atrakcji\/\">Mo\u017cesz te\u017c skorzysta\u0107 ze specjalnego cennika<\/a> z konfiguratorem w wybranych przez nas przyk\u0142adowych terminach.<\/p>\n\n\n\n<h3 class=\"wp-block-heading\">3. Atrakcje na imprez\u0119 urodzinow\u0105 jesieni\u0105 i zim\u0105<\/h3>\n\n\n\n<ol class=\"wp-block-list\">\n<li>STREFA SPA  &#8211;<a href=\"https:\/\/wzalesiu.pl\/index.php\/atrakcje-na-mazurach-zalesie\/\"> Jacuzzi (gor\u0105ca bania) i sauna<\/a> z le\u017cakami<\/li>\n\n\n\n<li><a href=\"https:\/\/wzalesiu.pl\/index.php\/atrakcje-na-mazurach-zalesie\/\">Sp\u0142ywy kajakowe startuj\u0105ce z naszej pla\u017cy.<\/a><\/li>\n\n\n\n<li><a href=\"https:\/\/wzalesiu.pl\/index.php\/atrakcje-na-mazurach-zalesie\/\">Ognisko lub grill. <\/a><\/li>\n<\/ol>\n\n\n\n<p>Chcesz ju\u017c pozna\u0107 ofert\u0119 cenow\u0105 na urodziny?<a href=\"https:\/\/wzalesiu.pl\/index.php\/cennik-atrakcji\/\"> Kliknij nasz cennik atrakcji <\/a>na imprez\u0119 urodzinow\u0105. Niekt\u00f3re atrakcje mog\u0105 nie by\u0107 dost\u0119pne we wszystkich terminach, prosimy o wcze\u015bniejsze zapytania aby\u015bmy mogli sprosta\u0107 wszelkim oczekiwaniom.<\/p>\n\n\n\n<h3 class=\"wp-block-heading\">4. Wy\u017cywienie na urodzinach. <\/h3>\n\n\n\n<h4 class=\"wp-block-heading\">&#8211; catering urodzinowy<\/h4>\n\n\n\n<p>Jedzenie odgrywa kluczow\u0105 rol\u0119 w organizacji urodzin. Menu najlepiej ustali\u0107 na dwa tygodnie przed imprez\u0105, ale nawet przy spontanicznych planach zesp\u00f3\u0142 z Zalesia pomo\u017ce znale\u017a\u0107 rozwi\u0105zanie. Sprawd\u017a aktualny cennik cateringu na imprezy. <a href=\"https:\/\/wzalesiu.pl\/index.php\/cennik-atrakcji-1\/wyzywienie\/\">Aktualny cennik wy\u017cywienia na imprezy<\/a><\/p>\n\n\n\n<h3 class=\"wp-block-heading\">Gdzie zrobi\u0107 urodziny?<\/h3>\n\n\n\n<p>Wyb\u00f3r odpowiedniego miejsca jest kluczowy. Trzeba wzi\u0105\u0107 pod uwag\u0119 dost\u0119pno\u015b\u0107, opcje zakwaterowania i mo\u017cliwo\u015bci realizacji planowanych aktywno\u015bci. Dok\u0142adne zaplanowanie zapewni p\u0142ynno\u015b\u0107 i bezpiecze\u0144stwo wydarzenia. A co, je\u015bli dojdzie do szk\u00f3d? Czasem impreza mo\u017ce wymkn\u0105\u0107 si\u0119 spod kontroli, ale nie przejmujemy si\u0119 \u2013 sami te\u017c lubimy dobr\u0105 zabaw\u0119! \ud83d\ude09<\/p>\n\n\n\n<h3 class=\"wp-block-heading\"><strong>Najlepsze miejsca na Mazurach<\/strong><\/h3>\n\n\n\n<p>Mazury maj\u0105 wiele miejsc idealnych na imprezy zar\u00f3wno na \u015bwie\u017cym powietrzu, jak i w pomieszczeniach. Warto zwr\u00f3ci\u0107 uwag\u0119 na te, kt\u00f3re oferuj\u0105 wyj\u0105tkowe atrakcje lub zapieraj\u0105ce dech w piersiach widoki.<\/p>\n\n\n\n<h3 class=\"wp-block-heading\">Odleg\u0142o\u015bci od naszych domk\u00f3w<\/h3>\n\n\n\n<p>Mazowieckie &#8211; Warszawa &#8211; ok 2h 15 min <br>Pomorskie &#8211; Gda\u0144sk, Gdynia &#8211; ok 2h<br>Kujawsko Pomorskie &#8211; Bydgoszcz, Toru\u0144 &#8211; ok 3h<br>Podlaskie &#8211; Bia\u0142ystok &#8211; ok 3h<br>\u0141\u00f3dzkie &#8211; \u0141\u00f3d\u017a &#8211; ok 3h<br>Warmi\u0144sko Mazurskie &#8211; Olsztyn &#8211; 20 min<\/p>\n\n\n\n<p><strong>FAQ<\/strong><\/p>\n\n\n\t\t<section\t\thelp class=\"sc_fs_faq sc_card    \"\n\t\t\t\t>\n\t\t\t\t<h2>Gdzie zorganizowa\u0107 40 urodziny?<\/h2>\t\t\t\t<div>\n\t\t\t\t\t\t\t<figure class=\"sc_fs_faq__figure\">\n\t\t\t\t\t<a\n\t\t\t\t\t\t\thref=\"https:\/\/wzalesiu.pl\/wp-content\/uploads\/2024\/01\/Zalesie-55-1-150x150.jpg\"\n\t\t\t\t\t\t\ttitle=\"\"\n\t\t\t\t\t>\n\t\t\t\t\t\t<img\n\t\t\t\t\t\t\t\tclass=\"sc_fs_faq__image lazyload\"\n\t\t\t\t\t\t\t\tdata-src=\"https:\/\/wzalesiu.pl\/wp-content\/uploads\/2024\/01\/Zalesie-55-1-150x150.jpg\"\n\t\t\t\t\t\t\t\talt=\"\"\n\t\t\t\t\t\t src=\"data:image\/svg+xml;base64,PHN2ZyB3aWR0aD0iMSIgaGVpZ2h0PSIxIiB4bWxucz0iaHR0cDovL3d3dy53My5vcmcvMjAwMC9zdmciPjwvc3ZnPg==\" style=\"--smush-placeholder-width: 150px; --smush-placeholder-aspect-ratio: 150\/150;\">\n\t\t\t\t\t<\/a>\n\t\t\t\t<\/figure>\n\t\t\t\t\t\t<div class=\"sc_fs_faq__content\">\n\t\t\t\t\n\n<p>Najlepszym wyborem b\u0119dzie wynajem domku w Zalesiu 7D, kt\u00f3ra oferuje przestrze\u0144 na wi\u0119ksze przyj\u0119cie, jacuzzi oraz saun\u0119, co zapewni komfort i relaks dla wszystkich go\u015bci.<\/p>\n\n\t\t\t<\/div>\n\t\t<\/div>\n\t\t<\/section>\n\t\t\t\t<section\t\thelp class=\"sc_fs_faq sc_card    \"\n\t\t\t\t>\n\t\t\t\t<h2>Jakie aktywno\u015bci s\u0105 najbardziej popularne podczas imprezy urodzinowej na Mazurach?<\/h2>\t\t\t\t<div>\n\t\t\t\t\t\t\t<figure class=\"sc_fs_faq__figure\">\n\t\t\t\t\t<a\n\t\t\t\t\t\t\thref=\"https:\/\/wzalesiu.pl\/wp-content\/uploads\/2024\/02\/1625217372622-1-150x150.jpg\"\n\t\t\t\t\t\t\ttitle=\"jacuzzi w domku nad jeziorem\"\n\t\t\t\t\t>\n\t\t\t\t\t\t<img\n\t\t\t\t\t\t\t\tclass=\"sc_fs_faq__image lazyload\"\n\t\t\t\t\t\t\t\tdata-src=\"https:\/\/wzalesiu.pl\/wp-content\/uploads\/2024\/02\/1625217372622-1-150x150.jpg\"\n\t\t\t\t\t\t\t\talt=\"jacuzzi w domku nad jeziorem\"\n\t\t\t\t\t\t src=\"data:image\/svg+xml;base64,PHN2ZyB3aWR0aD0iMSIgaGVpZ2h0PSIxIiB4bWxucz0iaHR0cDovL3d3dy53My5vcmcvMjAwMC9zdmciPjwvc3ZnPg==\" style=\"--smush-placeholder-width: 150px; --smush-placeholder-aspect-ratio: 150\/150;\">\n\t\t\t\t\t<\/a>\n\t\t\t\t<\/figure>\n\t\t\t\t\t\t<div class=\"sc_fs_faq__content\">\n\t\t\t\t\n\n<p>Najpopularniejsze s\u0105 sp\u0142ywy kajakowe, k\u0105piele w jacuzzi, sauna, paintball, p\u0142ywanie motor\u00f3wkami, aktywno\u015b\u0107 fizyczna. Jest te\u017c jeden punkt konieczny &#8211; wsp\u00f3lne ognisko i grill. <\/p>\n\n\t\t\t<\/div>\n\t\t<\/div>\n\t\t<\/section>\n\t\t\n<script type=\"application\/ld+json\">\n\t{\n\t\t\"@context\": \"https:\/\/schema.org\",\n\t\t\"@type\": \"FAQPage\",\n\t\t\"mainEntity\": [\n\t\t\t\t\t{\n\t\t\t\t\"@type\": \"Question\",\n\t\t\t\t\"name\": \"Gdzie zorganizowa\u0107 40 urodziny?\",\n\t\t\t\t\"acceptedAnswer\": {\n\t\t\t\t\t\"@type\": \"Answer\",\n\t\t\t\t\t\"text\": \"<p>Najlepszym wyborem b\u0119dzie wynajem domku w Zalesiu 7D, kt\u00f3ra oferuje przestrze\u0144 na wi\u0119ksze przyj\u0119cie, jacuzzi oraz saun\u0119, co zapewni komfort i relaks dla wszystkich go\u015bci.<\/p>\"\n\t\t\t\t\t\t\t\t\t\t,\n\t\t\t\t\t\"image\" : {\n\t\t\t\t\t\t\"@type\" : \"ImageObject\",\n\t\t\t\t\t\t\"contentUrl\" : \"https:\/\/wzalesiu.pl\/wp-content\/uploads\/2024\/01\/Zalesie-55-1-150x150.jpg\"\n\t\t\t\t\t}\n\t\t\t\t\t\t\t\t\t}\n\t\t\t}\n\t\t\t,\t\t\t\t{\n\t\t\t\t\"@type\": \"Question\",\n\t\t\t\t\"name\": \"Jakie aktywno\u015bci s\u0105 najbardziej popularne podczas imprezy urodzinowej na Mazurach?\",\n\t\t\t\t\"acceptedAnswer\": {\n\t\t\t\t\t\"@type\": \"Answer\",\n\t\t\t\t\t\"text\": \"<p>Najpopularniejsze s\u0105 sp\u0142ywy kajakowe, k\u0105piele w jacuzzi, sauna, paintball, p\u0142ywanie motor\u00f3wkami, aktywno\u015b\u0107 fizyczna. Jest te\u017c jeden punkt konieczny - wsp\u00f3lne ognisko i grill. <\/p>\"\n\t\t\t\t\t\t\t\t\t\t,\n\t\t\t\t\t\"image\" : {\n\t\t\t\t\t\t\"@type\" : \"ImageObject\",\n\t\t\t\t\t\t\"contentUrl\" : \"https:\/\/wzalesiu.pl\/wp-content\/uploads\/2024\/02\/1625217372622-1-150x150.jpg\"\n\t\t\t\t\t}\n\t\t\t\t\t\t\t\t\t}\n\t\t\t}\n\t\t\t\t\t\t]\n\t}\n<\/script>\n","protected":false},"excerpt":{"rendered":"<p>Domek na urodziny z jacuzzi i saun\u0105 \u2013 twoja impreza w sercu Mazur Planujesz urodziny i szukasz idealnego miejsca, kt\u00f3re po\u0142\u0105czy komfort, natur\u0119 i odrobin\u0119 luksusu? Domki w Zalesiu 7D to doskona\u0142y wyb\u00f3r na niezapomniane &#8230;<\/p>\n","protected":false},"author":2,"featured_media":0,"parent":0,"menu_order":0,"comment_status":"closed","ping_status":"closed","template":"","meta":{"ngg_post_thumbnail":0,"footnotes":""},"class_list":["post-4629","page","type-page","status-publish","hentry"],"yoast_head":"<!-- This site is optimized with the Yoast SEO plugin v27.3 - https:\/\/yoast.com\/product\/yoast-seo-wordpress\/ -->\n<title>Domek na urodziny na Mazurach i Warmii - Zalesie 7D<\/title>\n<meta name=\"robots\" content=\"index, follow, max-snippet:-1, max-image-preview:large, max-video-preview:-1\" \/>\n<link rel=\"canonical\" href=\"https:\/\/wzalesiu.pl\/index.php\/domek-na-urodziny\/\" \/>\n<meta property=\"og:locale\" content=\"pl_PL\" \/>\n<meta property=\"og:type\" content=\"article\" \/>\n<meta property=\"og:title\" content=\"Domek na urodziny na Mazurach i Warmii - Zalesie 7D\" \/>\n<meta property=\"og:description\" content=\"Domek na urodziny z jacuzzi i saun\u0105 \u2013 twoja impreza w sercu Mazur Planujesz urodziny i szukasz idealnego miejsca, kt\u00f3re po\u0142\u0105czy komfort, natur\u0119 i odrobin\u0119 luksusu? Domki w Zalesiu 7D to doskona\u0142y wyb\u00f3r na niezapomniane ...\" \/>\n<meta property=\"og:url\" content=\"https:\/\/wzalesiu.pl\/index.php\/domek-na-urodziny\/\" \/>\n<meta property=\"og:site_name\" content=\"Zalesie 7D\" \/>\n<meta property=\"article:publisher\" content=\"https:\/\/www.facebook.com\/Domkiwzalesiu\/?locale=pl_PL\" \/>\n<meta property=\"article:modified_time\" content=\"2024-09-09T19:14:31+00:00\" \/>\n<meta property=\"og:image\" content=\"https:\/\/wzalesiu.pl\/wp-content\/uploads\/2024\/01\/Fotoram.io-3-1024x683.jpg\" \/>\n<meta name=\"twitter:card\" content=\"summary_large_image\" \/>\n<meta name=\"twitter:label1\" content=\"Szacowany czas czytania\" \/>\n\t<meta name=\"twitter:data1\" content=\"4 minuty\" \/>\n<!-- \/ Yoast SEO plugin. -->","yoast_head_json":{"title":"Domek na urodziny na Mazurach i Warmii - Zalesie 7D","robots":{"index":"index","follow":"follow","max-snippet":"max-snippet:-1","max-image-preview":"max-image-preview:large","max-video-preview":"max-video-preview:-1"},"canonical":"https:\/\/wzalesiu.pl\/index.php\/domek-na-urodziny\/","og_locale":"pl_PL","og_type":"article","og_title":"Domek na urodziny na Mazurach i Warmii - Zalesie 7D","og_description":"Domek na urodziny z jacuzzi i saun\u0105 \u2013 twoja impreza w sercu Mazur Planujesz urodziny i szukasz idealnego miejsca, kt\u00f3re po\u0142\u0105czy komfort, natur\u0119 i odrobin\u0119 luksusu? Domki w Zalesiu 7D to doskona\u0142y wyb\u00f3r na niezapomniane ...","og_url":"https:\/\/wzalesiu.pl\/index.php\/domek-na-urodziny\/","og_site_name":"Zalesie 7D","article_publisher":"https:\/\/www.facebook.com\/Domkiwzalesiu\/?locale=pl_PL","article_modified_time":"2024-09-09T19:14:31+00:00","og_image":[{"url":"https:\/\/wzalesiu.pl\/wp-content\/uploads\/2024\/01\/Fotoram.io-3-1024x683.jpg","type":"","width":"","height":""}],"twitter_card":"summary_large_image","twitter_misc":{"Szacowany czas czytania":"4 minuty"},"schema":{"@context":"https:\/\/schema.org","@graph":[{"@type":"WebPage","@id":"https:\/\/wzalesiu.pl\/index.php\/domek-na-urodziny\/","url":"https:\/\/wzalesiu.pl\/index.php\/domek-na-urodziny\/","name":"Domek na urodziny na Mazurach i Warmii - Zalesie 7D","isPartOf":{"@id":"https:\/\/wzalesiu.pl\/#website"},"primaryImageOfPage":{"@id":"https:\/\/wzalesiu.pl\/index.php\/domek-na-urodziny\/#primaryimage"},"image":{"@id":"https:\/\/wzalesiu.pl\/index.php\/domek-na-urodziny\/#primaryimage"},"thumbnailUrl":"https:\/\/wzalesiu.pl\/wp-content\/uploads\/2024\/01\/Fotoram.io-3-1024x683.jpg","datePublished":"2024-08-24T17:28:57+00:00","dateModified":"2024-09-09T19:14:31+00:00","breadcrumb":{"@id":"https:\/\/wzalesiu.pl\/index.php\/domek-na-urodziny\/#breadcrumb"},"inLanguage":"pl-PL","potentialAction":[{"@type":"ReadAction","target":["https:\/\/wzalesiu.pl\/index.php\/domek-na-urodziny\/"]}]},{"@type":"ImageObject","inLanguage":"pl-PL","@id":"https:\/\/wzalesiu.pl\/index.php\/domek-na-urodziny\/#primaryimage","url":"https:\/\/wzalesiu.pl\/wp-content\/uploads\/2024\/01\/Fotoram.io-3.jpg","contentUrl":"https:\/\/wzalesiu.pl\/wp-content\/uploads\/2024\/01\/Fotoram.io-3.jpg","width":1200,"height":800,"caption":"domki na integracj\u0119"},{"@type":"BreadcrumbList","@id":"https:\/\/wzalesiu.pl\/index.php\/domek-na-urodziny\/#breadcrumb","itemListElement":[{"@type":"ListItem","position":1,"name":"Strona g\u0142\u00f3wna","item":"https:\/\/wzalesiu.pl\/"},{"@type":"ListItem","position":2,"name":"Domek na urodziny na Mazurach i Warmii"}]},{"@type":"WebSite","@id":"https:\/\/wzalesiu.pl\/#website","url":"https:\/\/wzalesiu.pl\/","name":"Domki nad jeziorem - Zalesie 7D","description":"Domki nad jeziorem z w\u0142asn\u0105 lini\u0105 brzegow\u0105 i jacuzzi","publisher":{"@id":"https:\/\/wzalesiu.pl\/#organization"},"potentialAction":[{"@type":"SearchAction","target":{"@type":"EntryPoint","urlTemplate":"https:\/\/wzalesiu.pl\/?s={search_term_string}"},"query-input":{"@type":"PropertyValueSpecification","valueRequired":true,"valueName":"search_term_string"}}],"inLanguage":"pl-PL"},{"@type":"Organization","@id":"https:\/\/wzalesiu.pl\/#organization","name":"Domki nad Jeziorem - Zalesie 7D","url":"https:\/\/wzalesiu.pl\/","logo":{"@type":"ImageObject","inLanguage":"pl-PL","@id":"https:\/\/wzalesiu.pl\/#\/schema\/logo\/image\/","url":"https:\/\/wzalesiu.pl\/wp-content\/uploads\/2020\/03\/cropped-Logo-wzalesiu_stronka.png","contentUrl":"https:\/\/wzalesiu.pl\/wp-content\/uploads\/2020\/03\/cropped-Logo-wzalesiu_stronka.png","width":161,"height":161,"caption":"Domki nad Jeziorem - Zalesie 7D"},"image":{"@id":"https:\/\/wzalesiu.pl\/#\/schema\/logo\/image\/"},"sameAs":["https:\/\/www.facebook.com\/Domkiwzalesiu\/?locale=pl_PL"]}]}},"_links":{"self":[{"href":"https:\/\/wzalesiu.pl\/index.php\/wp-json\/wp\/v2\/pages\/4629","targetHints":{"allow":["GET"]}}],"collection":[{"href":"https:\/\/wzalesiu.pl\/index.php\/wp-json\/wp\/v2\/pages"}],"about":[{"href":"https:\/\/wzalesiu.pl\/index.php\/wp-json\/wp\/v2\/types\/page"}],"author":[{"embeddable":true,"href":"https:\/\/wzalesiu.pl\/index.php\/wp-json\/wp\/v2\/users\/2"}],"replies":[{"embeddable":true,"href":"https:\/\/wzalesiu.pl\/index.php\/wp-json\/wp\/v2\/comments?post=4629"}],"version-history":[{"count":7,"href":"https:\/\/wzalesiu.pl\/index.php\/wp-json\/wp\/v2\/pages\/4629\/revisions"}],"predecessor-version":[{"id":4675,"href":"https:\/\/wzalesiu.pl\/index.php\/wp-json\/wp\/v2\/pages\/4629\/revisions\/4675"}],"wp:attachment":[{"href":"https:\/\/wzalesiu.pl\/index.php\/wp-json\/wp\/v2\/media?parent=4629"}],"curies":[{"name":"wp","href":"https:\/\/api.w.org\/{rel}","templated":true}]}}