{"id":456,"date":"2020-01-28T20:34:02","date_gmt":"2020-01-28T19:34:02","guid":{"rendered":"http:\/\/wzalesiu.pl\/?page_id=456"},"modified":"2024-10-15T23:19:20","modified_gmt":"2024-10-15T21:19:20","slug":"majowka-mazury","status":"publish","type":"page","link":"https:\/\/wzalesiu.pl\/index.php\/ceny-i-warunki\/majowka-mazury\/","title":{"rendered":"Maj\u00f3wka Domek nad jeziorem &#8211; Mazury 2025"},"content":{"rendered":"\n<div class=\"wp-block-group\"><div class=\"wp-block-group__inner-container is-layout-constrained wp-block-group-is-layout-constrained\">\n<figure class=\"wp-block-image size-large is-resized\"><img decoding=\"async\" width=\"1024\" height=\"684\" data-src=\"https:\/\/wzalesiu.pl\/wp-content\/uploads\/2024\/02\/Zalesie-14-1024x684.jpg\" alt=\"domki nad jeziorem widok od ty\u0142u\" class=\"wp-image-4389 lazyload\" data-srcset=\"https:\/\/wzalesiu.pl\/wp-content\/uploads\/2024\/02\/Zalesie-14-1024x684.jpg 1024w, https:\/\/wzalesiu.pl\/wp-content\/uploads\/2024\/02\/Zalesie-14-300x200.jpg 300w, https:\/\/wzalesiu.pl\/wp-content\/uploads\/2024\/02\/Zalesie-14-768x513.jpg 768w, https:\/\/wzalesiu.pl\/wp-content\/uploads\/2024\/02\/Zalesie-14-1536x1026.jpg 1536w, https:\/\/wzalesiu.pl\/wp-content\/uploads\/2024\/02\/Zalesie-14.jpg 2000w\" data-sizes=\"(max-width: 1024px) 100vw, 1024px\" src=\"data:image\/svg+xml;base64,PHN2ZyB3aWR0aD0iMSIgaGVpZ2h0PSIxIiB4bWxucz0iaHR0cDovL3d3dy53My5vcmcvMjAwMC9zdmciPjwvc3ZnPg==\" style=\"--smush-placeholder-width: 1024px; --smush-placeholder-aspect-ratio: 1024\/684;\" \/><figcaption class=\"wp-element-caption\"><strong>MAJ\u00d3WKA SLOW TIME 30.04 &#8211; 04.05.2025 r. (4 noce) <\/strong><\/figcaption><\/figure>\n\n\n\n<p><a href=\"https:\/\/wzalesiu.pl\/index.php\/domki-na-mazurach-nad-jeziorem\/\">Nasze domki<\/a> po\u0142o\u017cone s\u0105 nad brzegiem Jeziora Orzyc. Same jezioro otaczaj\u0105 lasy, a domki s\u0105siaduj\u0105 z polami i \u0142\u0105kami, kt\u00f3re w maju pachn\u0105 \u015bwie\u017co\u015bci\u0105 i zieleni\u0105. To idealne miejsce dla tych, kt\u00f3rzy pragn\u0105 odpocz\u0105\u0107 w ciszy, podziwiaj\u0105c pi\u0119kno polskiej przyrody na maj\u00f3wk\u0119 na mazurach.<\/p>\n\n\n\n<p><\/p>\n\n\n\n<p><a href=\"https:\/\/wzalesiu.pl\/index.php\/domki-na-mazurach-z-bala\/\">DOMKI Z BALI<\/a><br>Nasza cena to <strong>4650z\u0142\/4 noce\/domek 10os.<\/strong><br>Sprawd\u017a dost\u0119pno\u015b\u0107 wolnych termin\u00f3w w zak\u0142adce\u00a0<a href=\"https:\/\/wzalesiu.pl\/index.php\/wynajmij-domek-mazury\/\">SYSTEM REZERWACJI<\/a><\/p>\n\n\n\n<p><a href=\"https:\/\/wzalesiu.pl\/index.php\/dom-z-2-sypialniami-przy-plazy\/\">DOMEK Z DWOMA SYPIALNIAMI<\/a><br>Nasza cena to\u00a0<strong>2000z\u0142\/4 noce\/domek 4os.<\/strong> <br>Sprawd\u017a dost\u0119pno\u015b\u0107 wolnych termin\u00f3w w zak\u0142adce\u00a0<a href=\"https:\/\/wzalesiu.pl\/index.php\/wynajmij-domek-mazury\/\">SYSTEM REZERWACJI<\/a><s><br><\/s><\/p>\n\n\n\n<h2 class=\"wp-block-heading\"><strong>Opis domku<\/strong> <\/h2>\n\n\n\n<h3 class=\"wp-block-heading\">Ile os\u00f3b zmie\u015bci si\u0119 w domku?<\/h3>\n\n\n\n<p>Domek przeznaczony jest 11 osobowy. Zapraszam do sprawdzenia rozk\u0142adu sypialni i \u0142\u00f3\u017cek pod linkiem &#8211; <a href=\"https:\/\/wzalesiu.pl\/index.php\/domki-na-mazurach-nad-jeziorem\/\">Rodzinne domki nad jeziorem<\/a><\/p>\n\n\n\n<p><strong>Dlaczego Mazury s\u0105 idealne na maj\u00f3wk\u0119?<\/strong><\/p>\n\n\n\n<p>Mazury, znane jako Kraina Tysi\u0105ca Jezior, ka\u017cdego roku przyci\u0105gaj\u0105 mi\u0142o\u015bnik\u00f3w spokoju, wody i przyrody. To miejsce, gdzie ka\u017cdy odnajdzie co\u015b dla siebie \u2013 od leniwego relaksu po aktywny wypoczynek na \u0142onie natury.<\/p>\n\n\n\n<h2 class=\"wp-block-heading\">Unikalne atrakcje Mazur oraz bliskiej okolicy<\/h2>\n\n\n\n<figure class=\"wp-block-image size-large\"><img decoding=\"async\" width=\"1024\" height=\"575\" data-src=\"https:\/\/wzalesiu.pl\/wp-content\/uploads\/2024\/02\/Zalesie-17-1024x575.jpg\" alt=\"domki nad jeziorem\" class=\"wp-image-4391 lazyload\" data-srcset=\"https:\/\/wzalesiu.pl\/wp-content\/uploads\/2024\/02\/Zalesie-17-1024x575.jpg 1024w, https:\/\/wzalesiu.pl\/wp-content\/uploads\/2024\/02\/Zalesie-17-300x169.jpg 300w, https:\/\/wzalesiu.pl\/wp-content\/uploads\/2024\/02\/Zalesie-17-768x432.jpg 768w, https:\/\/wzalesiu.pl\/wp-content\/uploads\/2024\/02\/Zalesie-17-1536x863.jpg 1536w, https:\/\/wzalesiu.pl\/wp-content\/uploads\/2024\/02\/Zalesie-17.jpg 2000w\" data-sizes=\"(max-width: 1024px) 100vw, 1024px\" src=\"data:image\/svg+xml;base64,PHN2ZyB3aWR0aD0iMSIgaGVpZ2h0PSIxIiB4bWxucz0iaHR0cDovL3d3dy53My5vcmcvMjAwMC9zdmciPjwvc3ZnPg==\" style=\"--smush-placeholder-width: 1024px; --smush-placeholder-aspect-ratio: 1024\/575;\" \/><\/figure>\n\n\n\n<p>Mazury to nie tylko jeziora. To r\u00f3wnie\u017c bogate w histori\u0119 zamki, malownicze wioski i niezliczone szlaki piesze oraz rowerowe. D\u0142ugi weekend majowy to idealny czas, by odkry\u0107 to wszystko na nowo.<\/p>\n\n\n\n<p>Chcesz dowiedzie\u0107 jakie s\u0105 <a href=\"https:\/\/wzalesiu.pl\/index.php\/atrakcje-na-mazurach-zalesie\/\">atrakcje w okolicy &#8211; kliknij tutaj. <\/a><br>Chcesz pozna\u0107<a href=\"https:\/\/wzalesiu.pl\/index.php\/atrakcje-na-mazurach-zalesie\/atrakcje-turystyczne-barczewa-olsztyna\/\"> atrakcje Mazur <\/a>&#8211; Olsztyna, Barczewa i okolic <a href=\"https:\/\/wzalesiu.pl\/index.php\/atrakcje-na-mazurach-zalesie\/atrakcje-turystyczne-barczewa-olsztyna\/\">zajrzyj do tego artyku\u0142u<\/a><\/p>\n\n\n\n<p><strong>Lokalizacja i otoczenie<\/strong><\/p>\n\n\n\n<p>Domek znajduje si\u0119 w idealnej na odpoczynek lokalizacji, zapewniaj\u0105cej prywatno\u015b\u0107 i spok\u00f3j, z dala od miejskiego ha\u0142asu, ale wystarczaj\u0105co blisko lokalnych atrakcji, by m\u00f3c w pe\u0142ni korzysta\u0107 z urok\u00f3w regionu.<\/p>\n\n\n\n<figure class=\"wp-block-image size-large\"><img decoding=\"async\" width=\"1024\" height=\"575\" data-src=\"https:\/\/wzalesiu.pl\/wp-content\/uploads\/2024\/02\/Zalesie-59-1024x575.jpg\" alt=\"widok na jezioro z domk\u00f3w\" class=\"wp-image-4390 lazyload\" data-srcset=\"https:\/\/wzalesiu.pl\/wp-content\/uploads\/2024\/02\/Zalesie-59-1024x575.jpg 1024w, https:\/\/wzalesiu.pl\/wp-content\/uploads\/2024\/02\/Zalesie-59-300x169.jpg 300w, https:\/\/wzalesiu.pl\/wp-content\/uploads\/2024\/02\/Zalesie-59-768x432.jpg 768w, https:\/\/wzalesiu.pl\/wp-content\/uploads\/2024\/02\/Zalesie-59-1536x863.jpg 1536w, https:\/\/wzalesiu.pl\/wp-content\/uploads\/2024\/02\/Zalesie-59.jpg 2000w\" data-sizes=\"(max-width: 1024px) 100vw, 1024px\" src=\"data:image\/svg+xml;base64,PHN2ZyB3aWR0aD0iMSIgaGVpZ2h0PSIxIiB4bWxucz0iaHR0cDovL3d3dy53My5vcmcvMjAwMC9zdmciPjwvc3ZnPg==\" style=\"--smush-placeholder-width: 1024px; --smush-placeholder-aspect-ratio: 1024\/575;\" \/><\/figure>\n\n\n\n<h2 class=\"wp-block-heading\"><strong>Jakie udogodnienia i atrakcje<\/strong> dost\u0119pne s\u0105 na maj\u00f3wk\u0119 w naszych domkach.   <\/h2>\n\n\n\n<h3 class=\"wp-block-heading\"><strong>Jacuzzi i sauna<\/strong><\/h3>\n\n\n\n<p>Po dniu pe\u0142nym wra\u017ce\u0144, nic nie relaksuje tak jak wiecz\u00f3r sp\u0119dzony w jacuzzi pod go\u0142ym niebem, czy odpr\u0119\u017caj\u0105ca sesja w saunie. Nasz domek oferuje obie te atrakcje, dost\u0119pne wy\u0142\u0105cznie dla naszych go\u015bci.<\/p>\n\n\n\n<p>Z tych atrakcji mo\u017cna korzysta\u0107 nawet przy gorszej pogodzie i deszczu. <\/p>\n\n\n\n<h3 class=\"wp-block-heading\"><strong>\u0141\u00f3d\u017a elektryczna i sprz\u0119t wodny<\/strong><\/h3>\n\n\n\n<p>Dla mi\u0142o\u015bnik\u00f3w wodnych przyg\u00f3d, do dyspozycji jest 6-osobowa \u0142\u00f3d\u017a elektryczna oraz pe\u0142en zestaw sprz\u0119tu wodnego. To idealna okazja, by odkrywa\u0107 mazurskie jeziora w zupe\u0142nie nowy spos\u00f3b. <a href=\"https:\/\/wzalesiu.pl\/index.php\/wypozyczalnia-lodzi-olsztyn-i-barczewo\/\">Sprawd\u017a warunki i ceny \u0142odzi silnikowej na wynajem. <\/a><\/p>\n\n\n\n<h3 class=\"wp-block-heading\"><strong>Dost\u0119p do rower\u00f3w i atrakcje terenowe<\/strong><\/h3>\n\n\n\n<p>Okolica obfituje w malownicze trasy rowerowe i piesze. Dla naszych go\u015bci przygotowali\u015bmy rowery, dzi\u0119ki kt\u00f3rym mog\u0105 odkrywa\u0107 lokalne lasy i zak\u0105tki pe\u0142ne dzikiej przyrody.<\/p>\n\n\n\n<p>Komplet udogodnie\u0144 i atrakcji na maj\u00f3wk\u0119 &#8211; <a href=\"https:\/\/wzalesiu.pl\/index.php\/wynajmij-domek-mazury\/\">kliknij tutaj<\/a><\/p>\n\n\n\n<figure class=\"wp-block-image size-large\"><img decoding=\"async\" width=\"1024\" height=\"683\" data-src=\"https:\/\/wzalesiu.pl\/wp-content\/uploads\/2024\/02\/RON_6420-1024x683.jpg\" alt=\"\" class=\"wp-image-4392 lazyload\" data-srcset=\"https:\/\/wzalesiu.pl\/wp-content\/uploads\/2024\/02\/RON_6420-1024x683.jpg 1024w, https:\/\/wzalesiu.pl\/wp-content\/uploads\/2024\/02\/RON_6420-300x200.jpg 300w, https:\/\/wzalesiu.pl\/wp-content\/uploads\/2024\/02\/RON_6420-768x512.jpg 768w, https:\/\/wzalesiu.pl\/wp-content\/uploads\/2024\/02\/RON_6420-1536x1024.jpg 1536w, https:\/\/wzalesiu.pl\/wp-content\/uploads\/2024\/02\/RON_6420.jpg 1800w\" data-sizes=\"(max-width: 1024px) 100vw, 1024px\" src=\"data:image\/svg+xml;base64,PHN2ZyB3aWR0aD0iMSIgaGVpZ2h0PSIxIiB4bWxucz0iaHR0cDovL3d3dy53My5vcmcvMjAwMC9zdmciPjwvc3ZnPg==\" style=\"--smush-placeholder-width: 1024px; --smush-placeholder-aspect-ratio: 1024\/683;\" \/><\/figure>\n\n\n\n<h2 class=\"wp-block-heading\"><strong>Aktywno\u015bci w okolicy<\/strong><\/h2>\n\n\n\n<h3 class=\"wp-block-heading\"><strong>Wycieczki rowerowe i piesze<\/strong><\/h3>\n\n\n\n<p>Mazury to raj dla mi\u0142o\u015bnik\u00f3w dw\u00f3ch k\u00f3\u0142ek i pieszych w\u0119dr\u00f3wek. Setki kilometr\u00f3w szlak\u00f3w o r\u00f3\u017cnym stopniu trudno\u015bci zapewni\u0105 ka\u017cdemu odpowiedni\u0105 dawk\u0119 aktywno\u015bci.<\/p>\n\n\n\n<p><a href=\"https:\/\/wzalesiu.pl\/index.php\/atrakcje-na-mazurach-zalesie\/szlaki-turystyczne-i-rowerowe-na-terenie-gminy-barczewo\/\">Szlaki Zalesie, Barczewo i okolice  z mapami szlak\u00f3w turystycznych i rowerowych<\/a>. <\/p>\n\n\n\n<h3 class=\"wp-block-heading\"><strong>Atrakcje wodne<\/strong><\/h3>\n\n\n\n<p>Jeziora mazurskie to idealne miejsce na \u017ceglarstwo, kajakarstwo czy w\u0119dkowanie. Nasz domek to doskona\u0142a baza wypadowa dla wszystkich, kt\u00f3rzy chc\u0105 sp\u0119dzi\u0107 czas na wodzie.<\/p>\n\n\n\n<p>Du\u017cym atutem jest mo\u017cliwo\u015b\u0107 rozpocz\u0119cia i zako\u0144czenia<a href=\"https:\/\/wzalesiu.pl\/index.php\/atrakcje-na-mazurach-zalesie\/\"> sp\u0142ywu kajakowego<\/a> z naszej pla\u017cy. Kliknij po szczeg\u00f3\u0142y<\/p>\n\n\n\n<h2 class=\"wp-block-heading\"><strong>Dlaczego warto sp\u0119dzi\u0107 maj\u00f3wk\u0119 w naszym domku?<\/strong><\/h2>\n\n\n\n<h3 class=\"wp-block-heading\"><strong>Prywatno\u015b\u0107 i spok\u00f3j<\/strong><\/h3>\n\n\n\n<p>Nasz domek gwarantuje pe\u0142n\u0105 prywatno\u015b\u0107 i spok\u00f3j, co jest nieocenione, gdy chce si\u0119 na\u0142adowa\u0107 baterie i odpocz\u0105\u0107 od codzienno\u015bci.<\/p>\n\n\n\n<h3 class=\"wp-block-heading\"><strong>Blisko\u015b\u0107 natury i mo\u017cliwo\u015bci rekreacyjne<\/strong><\/h3>\n\n\n\n<p>Po\u0142o\u017cenie domku w sercu mazurskiej przyrody to obietnica niezapomnianych widok\u00f3w i blisko\u015bci natury, kt\u00f3ra inspiruje i relaksuje.<\/p>\n\n\n\n<h3 class=\"wp-block-heading\"><strong>Jak zarezerwowa\u0107?<\/strong><\/h3>\n\n\n\n<p><strong>Proces rezerwacji<\/strong><\/p>\n\n\n\n<p>Rezerwacji mo\u017cna dokona\u0107 bezpo\u015brednio przez nasz\u0105 stron\u0119 internetow\u0105 lub mailowo. Przy rezerwacji obowi\u0105zuje zaliczka w wysoko\u015bci 50% kwoty pobytu<\/p>\n\n\n\n<h3 class=\"wp-block-heading\"><strong>Dost\u0119pne terminy i ceny<\/strong> &#8211; mazury na maj\u00f3wk\u0119. <\/h3>\n\n\n\n<p>Szczeg\u00f3\u0142owe informacje na temat dost\u0119pnych termin\u00f3w i cen znajdziecie w <a href=\"https:\/\/wzalesiu.pl\/index.php\/wynajmij-domek-mazury\/\">naszym systemie rezerwacji<\/a>. Oferujemy atrakcyjne rabaty dla szybkich decydent\u00f3w oraz dla grup.<\/p>\n\n\n\n<h3 class=\"wp-block-heading\">Pobyt w domku z psem, kotem i innymi zwierz\u0119tami.<\/h3>\n\n\n\n<p>Akceptujemy zwierz\u0119ta za dop\u0142at\u0105 (25 z\u0142\/szt.\/doba), max 150 z\u0142 za ca\u0142y pobyt zwierzaka\/\u00f3w. Domki s\u0105 ogrodzone, dzi\u0119ki czemu Wasze zwierz\u0119ta b\u0119d\u0105 bezpieczne<\/p>\n\n\n\n<h4 class=\"wp-block-heading\">Podusmowanie<\/h4>\n\n\n\n<p>Na Warmii czas wolniej p\u0142ynie..<br>Nie my\u015bl o tym co masz zrobi\u0107. Wy\u0142\u0105cz telefon kom\u00f3rkowy, od\u0142\u00f3\u017c komputer i pozw\u00f3l sobie na s\u0142odkie lenistwo. Zaplanuj weekend majowy z filozofi\u0105 slow z widokiem na warmi\u0144sk\u0105 przyrod\u0119 z bliska. Domki z bali to idealne miejsce dla os\u00f3b szukaj\u0105cych ciszy, spokoju i warmi\u0144skich klimat\u00f3w. We\u017a ze sob\u0105 rodzin\u0119, psa i celebruj \u017cycie oraz smakuj natur\u0119. Le\u015bne \u015bcie\u017cki idealne na piesze w\u0119dr\u00f3wki. Dost\u0119p do wsp\u00f3lnej pla\u017cy ok. 100 m.<\/p>\n\n\n\n<p><strong>FAQs<\/strong><\/p>\n\n\n\n<ol class=\"wp-block-list\">\n<li><strong>Czy w domku jest dost\u0119p do Wi-Fi?<\/strong><\/li>\n\n\n\n<li><strong>Jakie s\u0105 zasady korzystania z jacuzzi i sauny?<\/strong><\/li>\n\n\n\n<li><strong>Czy w okolicy s\u0105 jakie\u015b restauracje czy sklepy?<\/strong><\/li>\n\n\n\n<li><strong>Czy \u0142\u00f3d\u017a elektryczna wymaga specjalnych uprawnie\u0144?<\/strong><\/li>\n\n\n\n<li><strong>Jakie \u015brodki bezpiecze\u0144stwa obowi\u0105zuj\u0105 na terenie obiektu?<\/strong><\/li>\n<\/ol>\n\n\n\n<p>ZAPRASZAMY NA MAJ\u00d3WK\u0118 W RYTMIE SLOW : )<br><\/p>\n<\/div><\/div>\n","protected":false},"excerpt":{"rendered":"<p>Nasze domki po\u0142o\u017cone s\u0105 nad brzegiem Jeziora Orzyc. Same jezioro otaczaj\u0105 lasy, a domki s\u0105siaduj\u0105 z polami i \u0142\u0105kami, kt\u00f3re w maju pachn\u0105 \u015bwie\u017co\u015bci\u0105 i zieleni\u0105. To idealne miejsce dla tych, kt\u00f3rzy pragn\u0105 odpocz\u0105\u0107 w &#8230;<\/p>\n","protected":false},"author":1,"featured_media":0,"parent":57,"menu_order":0,"comment_status":"closed","ping_status":"closed","template":"","meta":{"ngg_post_thumbnail":0,"footnotes":""},"class_list":["post-456","page","type-page","status-publish","hentry"],"yoast_head":"<!-- This site is optimized with the Yoast SEO plugin v27.4 - https:\/\/yoast.com\/product\/yoast-seo-wordpress\/ -->\n<title>Maj\u00f3wka Domek nad jeziorem - Mazury 2025 - Zalesie 7D<\/title>\n<meta name=\"description\" content=\"Maj\u00f3wka w domku nad jeziorem na Mazurach! Ciesz si\u0119 dost\u0119pem do jacuzzi, sauny, \u0142odzi elektrycznej i sprz\u0119tu wodnego. Odkryj lasy i ciesz si\u0119 spokojem.\" \/>\n<meta name=\"robots\" content=\"index, follow, max-snippet:-1, max-image-preview:large, max-video-preview:-1\" \/>\n<link rel=\"canonical\" href=\"https:\/\/wzalesiu.pl\/index.php\/ceny-i-warunki\/majowka-mazury\/\" \/>\n<meta property=\"og:locale\" content=\"pl_PL\" \/>\n<meta property=\"og:type\" content=\"article\" \/>\n<meta property=\"og:title\" content=\"Maj\u00f3wka Domek nad jeziorem - Mazury 2025 - Zalesie 7D\" \/>\n<meta property=\"og:description\" content=\"Maj\u00f3wka w domku nad jeziorem na Mazurach! Ciesz si\u0119 dost\u0119pem do jacuzzi, sauny, \u0142odzi elektrycznej i sprz\u0119tu wodnego. Odkryj lasy i ciesz si\u0119 spokojem.\" \/>\n<meta property=\"og:url\" content=\"https:\/\/wzalesiu.pl\/index.php\/ceny-i-warunki\/majowka-mazury\/\" \/>\n<meta property=\"og:site_name\" content=\"Zalesie 7D\" \/>\n<meta property=\"article:publisher\" content=\"https:\/\/www.facebook.com\/Domkiwzalesiu\/?locale=pl_PL\" \/>\n<meta property=\"article:modified_time\" content=\"2024-10-15T21:19:20+00:00\" \/>\n<meta property=\"og:image\" content=\"https:\/\/wzalesiu.pl\/wp-content\/uploads\/2024\/02\/Zalesie-14.jpg\" \/>\n\t<meta property=\"og:image:width\" content=\"2000\" \/>\n\t<meta property=\"og:image:height\" content=\"1336\" \/>\n\t<meta property=\"og:image:type\" content=\"image\/jpeg\" \/>\n<meta name=\"twitter:card\" content=\"summary_large_image\" \/>\n<meta name=\"twitter:label1\" content=\"Szacowany czas czytania\" \/>\n\t<meta name=\"twitter:data1\" content=\"6 minut\" \/>\n<!-- \/ Yoast SEO plugin. -->","yoast_head_json":{"title":"Maj\u00f3wka Domek nad jeziorem - Mazury 2025 - Zalesie 7D","description":"Maj\u00f3wka w domku nad jeziorem na Mazurach! Ciesz si\u0119 dost\u0119pem do jacuzzi, sauny, \u0142odzi elektrycznej i sprz\u0119tu wodnego. Odkryj lasy i ciesz si\u0119 spokojem.","robots":{"index":"index","follow":"follow","max-snippet":"max-snippet:-1","max-image-preview":"max-image-preview:large","max-video-preview":"max-video-preview:-1"},"canonical":"https:\/\/wzalesiu.pl\/index.php\/ceny-i-warunki\/majowka-mazury\/","og_locale":"pl_PL","og_type":"article","og_title":"Maj\u00f3wka Domek nad jeziorem - Mazury 2025 - Zalesie 7D","og_description":"Maj\u00f3wka w domku nad jeziorem na Mazurach! Ciesz si\u0119 dost\u0119pem do jacuzzi, sauny, \u0142odzi elektrycznej i sprz\u0119tu wodnego. Odkryj lasy i ciesz si\u0119 spokojem.","og_url":"https:\/\/wzalesiu.pl\/index.php\/ceny-i-warunki\/majowka-mazury\/","og_site_name":"Zalesie 7D","article_publisher":"https:\/\/www.facebook.com\/Domkiwzalesiu\/?locale=pl_PL","article_modified_time":"2024-10-15T21:19:20+00:00","og_image":[{"width":2000,"height":1336,"url":"https:\/\/wzalesiu.pl\/wp-content\/uploads\/2024\/02\/Zalesie-14.jpg","type":"image\/jpeg"}],"twitter_card":"summary_large_image","twitter_misc":{"Szacowany czas czytania":"6 minut"},"schema":{"@context":"https:\/\/schema.org","@graph":[{"@type":"WebPage","@id":"https:\/\/wzalesiu.pl\/index.php\/ceny-i-warunki\/majowka-mazury\/","url":"https:\/\/wzalesiu.pl\/index.php\/ceny-i-warunki\/majowka-mazury\/","name":"Maj\u00f3wka Domek nad jeziorem - Mazury 2025 - Zalesie 7D","isPartOf":{"@id":"https:\/\/wzalesiu.pl\/#website"},"primaryImageOfPage":{"@id":"https:\/\/wzalesiu.pl\/index.php\/ceny-i-warunki\/majowka-mazury\/#primaryimage"},"image":{"@id":"https:\/\/wzalesiu.pl\/index.php\/ceny-i-warunki\/majowka-mazury\/#primaryimage"},"thumbnailUrl":"https:\/\/wzalesiu.pl\/wp-content\/uploads\/2024\/02\/Zalesie-14-1024x684.jpg","datePublished":"2020-01-28T19:34:02+00:00","dateModified":"2024-10-15T21:19:20+00:00","description":"Maj\u00f3wka w domku nad jeziorem na Mazurach! Ciesz si\u0119 dost\u0119pem do jacuzzi, sauny, \u0142odzi elektrycznej i sprz\u0119tu wodnego. Odkryj lasy i ciesz si\u0119 spokojem.","breadcrumb":{"@id":"https:\/\/wzalesiu.pl\/index.php\/ceny-i-warunki\/majowka-mazury\/#breadcrumb"},"inLanguage":"pl-PL","potentialAction":[{"@type":"ReadAction","target":["https:\/\/wzalesiu.pl\/index.php\/ceny-i-warunki\/majowka-mazury\/"]}]},{"@type":"ImageObject","inLanguage":"pl-PL","@id":"https:\/\/wzalesiu.pl\/index.php\/ceny-i-warunki\/majowka-mazury\/#primaryimage","url":"https:\/\/wzalesiu.pl\/wp-content\/uploads\/2024\/02\/Zalesie-14.jpg","contentUrl":"https:\/\/wzalesiu.pl\/wp-content\/uploads\/2024\/02\/Zalesie-14.jpg","width":2000,"height":1336},{"@type":"BreadcrumbList","@id":"https:\/\/wzalesiu.pl\/index.php\/ceny-i-warunki\/majowka-mazury\/#breadcrumb","itemListElement":[{"@type":"ListItem","position":1,"name":"Strona g\u0142\u00f3wna","item":"https:\/\/wzalesiu.pl\/"},{"@type":"ListItem","position":2,"name":"Ceny i warunki","item":"https:\/\/wzalesiu.pl\/index.php\/ceny-i-warunki\/"},{"@type":"ListItem","position":3,"name":"Maj\u00f3wka Domek nad jeziorem &#8211; Mazury 2025"}]},{"@type":"WebSite","@id":"https:\/\/wzalesiu.pl\/#website","url":"https:\/\/wzalesiu.pl\/","name":"Domki nad jeziorem - Zalesie 7D","description":"Domki nad jeziorem z w\u0142asn\u0105 lini\u0105 brzegow\u0105 i jacuzzi","publisher":{"@id":"https:\/\/wzalesiu.pl\/#organization"},"potentialAction":[{"@type":"SearchAction","target":{"@type":"EntryPoint","urlTemplate":"https:\/\/wzalesiu.pl\/?s={search_term_string}"},"query-input":{"@type":"PropertyValueSpecification","valueRequired":true,"valueName":"search_term_string"}}],"inLanguage":"pl-PL"},{"@type":"Organization","@id":"https:\/\/wzalesiu.pl\/#organization","name":"Domki nad Jeziorem - Zalesie 7D","url":"https:\/\/wzalesiu.pl\/","logo":{"@type":"ImageObject","inLanguage":"pl-PL","@id":"https:\/\/wzalesiu.pl\/#\/schema\/logo\/image\/","url":"https:\/\/wzalesiu.pl\/wp-content\/uploads\/2020\/03\/cropped-Logo-wzalesiu_stronka.png","contentUrl":"https:\/\/wzalesiu.pl\/wp-content\/uploads\/2020\/03\/cropped-Logo-wzalesiu_stronka.png","width":161,"height":161,"caption":"Domki nad Jeziorem - Zalesie 7D"},"image":{"@id":"https:\/\/wzalesiu.pl\/#\/schema\/logo\/image\/"},"sameAs":["https:\/\/www.facebook.com\/Domkiwzalesiu\/?locale=pl_PL"]}]}},"_links":{"self":[{"href":"https:\/\/wzalesiu.pl\/index.php\/wp-json\/wp\/v2\/pages\/456","targetHints":{"allow":["GET"]}}],"collection":[{"href":"https:\/\/wzalesiu.pl\/index.php\/wp-json\/wp\/v2\/pages"}],"about":[{"href":"https:\/\/wzalesiu.pl\/index.php\/wp-json\/wp\/v2\/types\/page"}],"author":[{"embeddable":true,"href":"https:\/\/wzalesiu.pl\/index.php\/wp-json\/wp\/v2\/users\/1"}],"replies":[{"embeddable":true,"href":"https:\/\/wzalesiu.pl\/index.php\/wp-json\/wp\/v2\/comments?post=456"}],"version-history":[{"count":44,"href":"https:\/\/wzalesiu.pl\/index.php\/wp-json\/wp\/v2\/pages\/456\/revisions"}],"predecessor-version":[{"id":4732,"href":"https:\/\/wzalesiu.pl\/index.php\/wp-json\/wp\/v2\/pages\/456\/revisions\/4732"}],"up":[{"embeddable":true,"href":"https:\/\/wzalesiu.pl\/index.php\/wp-json\/wp\/v2\/pages\/57"}],"wp:attachment":[{"href":"https:\/\/wzalesiu.pl\/index.php\/wp-json\/wp\/v2\/media?parent=456"}],"curies":[{"name":"wp","href":"https:\/\/api.w.org\/{rel}","templated":true}]}}