{"id":2560,"date":"2022-02-24T15:25:53","date_gmt":"2022-02-24T14:25:53","guid":{"rendered":"https:\/\/wzalesiu.pl\/?page_id=2560"},"modified":"2022-02-24T16:14:38","modified_gmt":"2022-02-24T15:14:38","slug":"szlaki-turystyczne-i-rowerowe-na-terenie-gminy-barczewo","status":"publish","type":"page","link":"https:\/\/wzalesiu.pl\/index.php\/atrakcje-na-mazurach-zalesie\/szlaki-turystyczne-i-rowerowe-na-terenie-gminy-barczewo\/","title":{"rendered":"Szlaki turystyczne i rowerowe na terenie Gminy Barczewo. Czyli wycieczka do lasu prosto z domk\u00f3w."},"content":{"rendered":"\n<p>Przed zapoznaniem si\u0119 z trasami szlak\u00f3w na terenie ca\u0142ej gminy zapraszam do obejrzenia proponowanych wycieczek w okolicy domk\u00f3w. <\/p>\n\n\n\n<p>Pierwsza to trasa spacerowa z pla\u017cy miejskiej <\/p>\n\n\n\n<p><strong>Marsz po lesie w Zalesi<\/strong>u &#8211; start z pla\u017cy miejskiej <a href=\"https:\/\/goo.gl\/maps\/yfz3DHfJ4BseuFzeA\">(lokalizacja pla\u017cy miejskiej w Zalesiu)<\/a><br>D\u0142ugo\u015b\u0107 szlaku: 5400m<br>Stopie\u0144 trudno\u015bci: \u0142atwy<br>Czas trwania: ok 1,5h<br>Suma podej\u015b\u0107: 664 m, Suma zej\u015b\u0107: 681 m<\/p>\n\n\n\n<figure class=\"wp-block-image size-full\"><img decoding=\"async\" width=\"906\" height=\"434\" data-src=\"https:\/\/wzalesiu.pl\/wp-content\/uploads\/2022\/02\/szlak_plaza.png\" alt=\"\" class=\"wp-image-2562 lazyload\" data-srcset=\"https:\/\/wzalesiu.pl\/wp-content\/uploads\/2022\/02\/szlak_plaza.png 906w, https:\/\/wzalesiu.pl\/wp-content\/uploads\/2022\/02\/szlak_plaza-300x144.png 300w, https:\/\/wzalesiu.pl\/wp-content\/uploads\/2022\/02\/szlak_plaza-768x368.png 768w\" data-sizes=\"(max-width: 906px) 100vw, 906px\" src=\"data:image\/svg+xml;base64,PHN2ZyB3aWR0aD0iMSIgaGVpZ2h0PSIxIiB4bWxucz0iaHR0cDovL3d3dy53My5vcmcvMjAwMC9zdmciPjwvc3ZnPg==\" style=\"--smush-placeholder-width: 906px; --smush-placeholder-aspect-ratio: 906\/434;\" \/><\/figure>\n\n\n\n<p>Drugim polecanym marszem jest droga z naszych domk\u00f3w do Jeziora Dobr\u0105g. Startowa\u0107 mo\u017cna np. po zwiedzaniu miasta. Polecane pocz\u0105tki trasy : <a href=\"https:\/\/g.page\/zalesie7d?share\">Start z domk\u00f3w<\/a>, <a href=\"https:\/\/goo.gl\/maps\/yfz3DHfJ4BseuFzeA\">start z pla\u017cy miejskiej w Zalesiu<\/a><\/p>\n\n\n\n<p><strong>Marsz Barczewo &#8211; Dobr\u0105g<\/strong>, <br>D\u0142ugo\u015b\u0107 szlaku: 16100m<br>Stopie\u0144 trudno\u015bci: \u015bredni<br>Czas trwania: ok 4h<br>Suma podej\u015b\u0107: 759 m, suma zej\u015b\u0107: 747 m<\/p>\n\n\n\n<figure class=\"wp-block-image size-large\"><img decoding=\"async\" width=\"1024\" height=\"523\" data-src=\"https:\/\/wzalesiu.pl\/wp-content\/uploads\/2022\/02\/szlak_dobrag-1024x523.png\" alt=\"\" class=\"wp-image-2563 lazyload\" data-srcset=\"https:\/\/wzalesiu.pl\/wp-content\/uploads\/2022\/02\/szlak_dobrag-1024x523.png 1024w, https:\/\/wzalesiu.pl\/wp-content\/uploads\/2022\/02\/szlak_dobrag-300x153.png 300w, https:\/\/wzalesiu.pl\/wp-content\/uploads\/2022\/02\/szlak_dobrag-768x392.png 768w, https:\/\/wzalesiu.pl\/wp-content\/uploads\/2022\/02\/szlak_dobrag.png 1054w\" data-sizes=\"(max-width: 1024px) 100vw, 1024px\" src=\"data:image\/svg+xml;base64,PHN2ZyB3aWR0aD0iMSIgaGVpZ2h0PSIxIiB4bWxucz0iaHR0cDovL3d3dy53My5vcmcvMjAwMC9zdmciPjwvc3ZnPg==\" style=\"--smush-placeholder-width: 1024px; --smush-placeholder-aspect-ratio: 1024\/523;\" \/><\/figure>\n\n\n\n<p>SZLAKI TURYSTYCZNE I ROWEROWE NA TERENIE GMINY BARCZEWO<\/p>\n\n\n\n<figure class=\"wp-block-image size-large\"><img decoding=\"async\" width=\"1024\" height=\"774\" data-src=\"https:\/\/wzalesiu.pl\/wp-content\/uploads\/2022\/02\/Szlaki-turystyczne-1024x774.jpg\" alt=\"\" class=\"wp-image-2561 lazyload\" data-srcset=\"https:\/\/wzalesiu.pl\/wp-content\/uploads\/2022\/02\/Szlaki-turystyczne-1024x774.jpg 1024w, https:\/\/wzalesiu.pl\/wp-content\/uploads\/2022\/02\/Szlaki-turystyczne-300x227.jpg 300w, https:\/\/wzalesiu.pl\/wp-content\/uploads\/2022\/02\/Szlaki-turystyczne-768x581.jpg 768w, https:\/\/wzalesiu.pl\/wp-content\/uploads\/2022\/02\/Szlaki-turystyczne.jpg 1386w\" data-sizes=\"(max-width: 1024px) 100vw, 1024px\" src=\"data:image\/svg+xml;base64,PHN2ZyB3aWR0aD0iMSIgaGVpZ2h0PSIxIiB4bWxucz0iaHR0cDovL3d3dy53My5vcmcvMjAwMC9zdmciPjwvc3ZnPg==\" style=\"--smush-placeholder-width: 1024px; --smush-placeholder-aspect-ratio: 1024\/774;\" \/><\/figure>\n\n\n\n<p><strong>Kolor: niebieski<\/strong><br>D\u0142ugo\u015b\u0107 szlaku: 31,5 km<\/p>\n\n\n\n<p><br>Opis skr\u00f3cony: Barczewo \u2013 Kierzliny \u2013 Tumiany \u2013 Kierzbu\u0144 \u2013 Barto\u0142ty Wielkie \u2013 Odryty \u2013 Jedzbark \u2013 Mokiny \u2013 Sapuny \u2013 Rejczuchy \u2013 Barczewo<\/p>\n\n\n\n<p>Opis szlaku<\/p>\n\n\n\n<p>Szlak \u0142atwy, \u015bredniej d\u0142ugo\u015bci, przeznaczony na ca\u0142odzienn\u0105 wycieczk\u0119. Umo\u017cliwia on dotarcie z Barczewa do Tumian, gdzie jest pla\u017ca, pole namiotowe, wypo\u017cyczalnia sprz\u0119tu wodnego<br>i dwie restauracje.<\/p>\n\n\n\n<p>Gdyby kto\u015b chcia\u0142 zmieni\u0107 rower na konia to r\u00f3wnie\u017c na szlaku, kilka kilometr\u00f3w dalej, jest stadnina w Kierzbuniu. Nie trzeba od razu dosiada\u0107 konia, ju\u017c sam widok stada pas\u0105cego si\u0119 na ogromnym pastwisku wart jest tego, by tu przyjecha\u0107.<br>W Barto\u0142tach Wielkich warto zobaczy\u0107 zabytkowy ko\u015bci\u00f3\u0142 a dalej nad jeziorem Raks odpocz\u0105\u0107 obserwuj\u0105c w\u0119dkarzy i ptactwo wodne.<br>Jedzbark zadziwi niezwykle oryginalnym ko\u015bci\u00f3\u0142kiem a w Mokinach zaprasza \u015bwietnie zagospodarowane miejsce odpoczynku<br>i zabawy.<\/p>\n\n\n\n<p>Napotkane po drodze inne szlaki umo\u017cliwi\u0105 wytrwa\u0142ym przed\u0142u\u017cenie wycieczki \u2013 na przyk\u0142ad od Mokin \u017c\u00f3\u0142tym szlakiem pieszym do Skajbot.<br>Ko\u0144c\u00f3wka szlaku w Barczewie doprowadzi do miejsca gdzie rozpocz\u0119to wycieczk\u0119 tu\u017c przy Barczewskiej Synagodze \u2013 to r\u00f3wnie\u017c miejsce warte odwiedzenia.<\/p>\n\n\n\n<p><\/p>\n\n\n\n<p><strong>Kolor: \u017c\u00f3\u0142ty<\/strong><br>D\u0142ugo\u015b\u0107 szlaku: 32,3 km<\/p>\n\n\n\n<p><br>Opis skr\u00f3cony: Barczewo \u2013 Maruny \u2013 Szynowo \u2013 Lamkowo \u2013 Stare W\u0142\u00f3ki \u2013 Pr\u00f3le \u2013 Wipsowo \u2013 Ruszajny \u2013 Barczewo<\/p>\n\n\n\n<p>Opis szlaku<\/p>\n\n\n\n<p>Szlak \u0142atwy, \u015bredniej d\u0142ugo\u015bci, przeznaczony na ca\u0142odzienn\u0105 wycieczk\u0119. Zaczyna si\u0119 w centrum Barczewa, i przez pierwsze 3 km biegnie wsp\u00f3lnie ze szlakami: czerwonym, czarnym<br>i zielonym po czym skr\u0119ca w ma\u0142o u\u017cywan\u0105 asfalt\u00f3wk\u0119 w kierunku wsi Szynowo. Tam ko\u0144czy si\u0119 asfalt, a to znaczy, \u017ce droga jest bardziej bezpieczna, prowadz\u0105c lasem a\u017c do Lamkowa. Tu\u017c przed Lamkowem spotkasz szlak czarny, kt\u00f3rym mo\u017cesz skr\u00f3ci\u0107 <\/p>\n\n\n\n<p>wycieczk\u0119 do 20 km jad\u0105c nim w prawo. Przez Lamkowo jest asfalt, tu te\u017c mo\u017cna odwiedzi\u0107 wiejski ko\u015bci\u00f3\u0142ek i zaopatrzy\u0107 si\u0119 w sklepie,<br>w prowiant na dalsz\u0105 drog\u0119. Przed Starymi W\u0142\u00f3kami zachowaj ostro\u017cno\u015b\u0107 przekraczaj\u0105c drog\u0119 wojew\u00f3dzk\u0105, ale dalej ju\u017c zn\u00f3w pojedziesz gruntow\u0105 drog\u0105 a\u017c do Wipsowa. Po drodze widoki warmi\u0144skich wsi &nbsp;i krajobraz\u00f3w<br>z rozrzuconymi po polach gospodarstwami<br>i przydro\u017cnymi kapliczkami. W Wipsowie szlak skr\u0119ca na g\u0142\u00f3wn\u0105 ulic\u0119, jad\u0105c jednak prosto po 400 m dojedziesz na niewielk\u0105 wiejsk\u0105 pla\u017c\u0119 nad miejscowym jeziorem. Za przejazdem kolejowym ponownie szlak prowadzi le\u015bn\u0105, gruntowa drog\u0105 przez ponad 8 km. Po drodze, znajdziesz wiele miejsc, by odpocz\u0105\u0107 w le\u015bnej ciszy. Od Ruszajn ju\u017c tylko 2 km do miejsca<br>z kt\u00f3rego wyruszy\u0142e\u015b, uwa\u017caj na znaki szlaku<br>a bezpiecznie doprowadz\u0105 Ci\u0119 bocznymi ulicami do celu.<\/p>\n\n\n\n<p><strong>Kolor: czarny<\/strong><br>D\u0142ugo\u015b\u0107 szlaku: km 32,1<\/p>\n\n\n\n<p><br>Opis skr\u00f3cony: Barczewo \u2013 D\u0105br\u00f3wka Ma\u0142a \u2013 Biedowo \u2013 Barczewko \u2013 Gady \u2013 Tu\u0142awki \u2013 Radosty \u2013 Lamkowo \u2013 Lamk\u00f3wko \u2013 Barczewo<\/p>\n\n\n\n<p>Opis szlaku<\/p>\n\n\n\n<p>Szlak \u0142atwy, \u015bredniej d\u0142ugo\u015bci, przeznaczony na ca\u0142odzienn\u0105 wycieczk\u0119.<\/p>\n\n\n\n<p>Zaczyna si\u0119 w centrum Barczewa, i przez pierwsze 3 km biegnie wsp\u00f3lnie ze szlakami: czerwonym, \u017c\u00f3\u0142tym i zielonym. \u017b\u00f3\u0142ty i czerwony skr\u0119caj\u0105 gdzie\u015b po drodze a z zielonym dojedziesz a\u017c do Barczewka. Warto odwiedzi\u0107 tu ko\u015bci\u00f3\u0142ek parafialny z barokowym wyposa\u017ceniem. Tu szlak skr\u0119ca na p\u00f3\u0142noc<br>i prowadzi asfalt\u00f3wk\u0105 a\u017c do Tu\u0142awek.<br>W Gadach dochodzi niebieski szlak gminy Dywity, i do Tu\u0142awek droga bywa ruchliwa \u2013 nale\u017cy wi\u0119c zachowa\u0107 ostro\u017cno\u015b\u0107.<br>W Tu\u0142awkach za centrum szlak skr\u0119ca w prawo i prowadzi poln\u0105 drog\u0105 a\u017c do Radost, gdzie mieszka\u0144cy urz\u0105dzili przytulne miejsce zabaw<br>i wypoczynku nad strumieniem przep\u0142ywaj\u0105cym przez wie\u015b. Nast\u0119pne 2,5 km prowadzi drog\u0105 asfaltow\u0105, by przed Tu\u0142awkami ostro skr\u0119ci\u0107<br>w prawo. Napotkacie tu Pa\u0144stwo \u017c\u00f3\u0142ty szlak, kt\u00f3rym jad\u0105c prosto wyd\u0142u\u017cyliby\u015bcie wycieczk\u0119 do ponad 41 km. Po skr\u0119cie \u017c\u00f3\u0142ty szlak b\u0119dzie Wam towarzyszy\u0142 jaki\u015b czas po czym odejdzie w prawo. Dalej lasem przez Lamk\u00f3wko<\/p>\n\n\n\n<p>obecnie niewielk\u0105 wiosk\u0119, sk\u0142adaj\u0105c\u0105 si\u0119 z kilku osad, zadawa\u0142oby si\u0119, zagubionych w lesie, cho\u0107 kiedy\u015b by\u0142a to du\u017ca wie\u015b z rozleg\u0142ymi polami i szko\u0142\u0105. Dalej le\u015bn\u0105 drog\u0105 a\u017c do w\u0105skiej asfalt\u00f3wki, na kt\u00f3rej skr\u0119cacie Pa\u0144stwo w lewo. St\u0105d ju\u017c tylko 4 km do centrum Barczewa, cho\u0107 na ostatnim odcinku musicie by\u0107 bardzo ostro\u017cni, bo wjedziecie do miasta drog\u0105 wojew\u00f3dzk\u0105.<\/p>\n\n\n\n<p><strong>Kolor: czerwony<br><\/strong>D\u0142ugo\u015b\u0107 szlaku: 23,4 km<\/p>\n\n\n\n<p>Opis skr\u00f3cony: Barczewo \u2013 Rejczuchy \u2013 Sapuny \u2013 Bogdany \u2013 Kaplityny \u2013 \u0141\u0119gajny \u2013 Biedowo \u2013 D\u0105br\u00f3wka Ma\u0142a \u2013 Barczewo<\/p>\n\n\n\n<p>Opis szlaku<\/p>\n\n\n\n<p>Szlak \u0142atwy, przeznaczony na kr\u00f3tki trening lub kilkugodzinn\u0105 wycieczk\u0119. Ponad po\u0142owa drogi prowadzi asfaltem, jednak pozosta\u0142a cz\u0119\u015b\u0107 trasy wymaga umiej\u0119tno\u015bci jazdy w terenie. Drogi polne i le\u015bne, po kt\u00f3rych cz\u0119\u015bciowo prowadzi szlak mog\u0105 by\u0107 trudne do przejechania \u2013 szczeg\u00f3lnie po deszczach.<br>W najgorszym razie jednak trzeba b\u0119dzie przez kilkaset metr\u00f3w prowadzi\u0107 rower, dzi\u0119ki czemu \u0142atwiej podziwia\u0107 widoki. Widok\u00f3w natomiast na tym szlaku nie brakuje, krajobraz Warmii obfituje bowiem w pag\u00f3rki, z kt\u00f3rych cz\u0119sto wida\u0107 nawet dalsz\u0105 okolic\u0119. Opr\u00f3cz p\u00f3l zmieniaj\u0105cych si\u0119 z ka\u017cd\u0105 por\u0105 roku dostrze\u017cecie w zag\u0142\u0119bieniach terenu jeziorka oraz \u0142\u0105cz\u0105ce je rzeczki strumyczki, kana\u0142y<br>i mokrad\u0142a. Przed Bogdanami przekroczycie Kana\u0142 Kiermas, czyli dawn\u0105 rzek\u0119 Ko\u015bn\u0119 uregulowan\u0105 by nie zalewa\u0142a wiosn\u0105 Barczewa. Za Bogdanami natomiast b\u0119dziecie jechali wzd\u0142u\u017c nieczynnego ju\u017c Kana\u0142u El\u017cbiety, kt\u00f3ry mia\u0142 odprowadza\u0107 nadmiar wody rzeki Ko\u015bny bezpo\u015brednio do jeziora Wad\u0105g. Za \u0141\u0119gajnami natomiast, pod mostem drogowym p\u0142ynie leniwie Pisa Warmi\u0144ska, kt\u00f3ra niesie te\u017c wody Kana\u0142u Kiermas a ko\u0144czy sw\u00f3j bieg r\u00f3wnie\u017c<br>w jeziorze Wad\u0105g. Zwr\u00f3\u0107cie tez uwag\u0119 na charakterystyczne dla krajobrazu Warmii przydro\u017cne kapliczki i krzy\u017ce. Historia niekt\u00f3rych z nich si\u0119ga \u015bredniowiecza, inne za\u015b zbudowane w r\u00f3\u017cnych okresach a\u017c po pocz\u0105tek bie\u017c\u0105cego wieku.<\/p>\n\n\n\n<p>Gdyby\u015bcie chcieli przed\u0142u\u017cy\u0107 sobie wycieczk\u0119 to odszukajcie na mapie \u201eWarmi\u0144ski \u0141a\u0144cuszek\u201d szlak\u00f3w pieszych i spacerowych od Mokin a\u017c po Nikielkowo.<\/p>\n\n\n\n<p>Informacje o szlakach turystycznych zaczerpni\u0119to z informatora <a href=\"http:\/\/barczewo.pl\" data-type=\"URL\" data-id=\"barczewo.pl\">gminy Barczewo.<\/a><\/p>\n","protected":false},"excerpt":{"rendered":"<p>Przed zapoznaniem si\u0119 z trasami szlak\u00f3w na terenie ca\u0142ej gminy zapraszam do obejrzenia proponowanych wycieczek w okolicy domk\u00f3w. Pierwsza to trasa spacerowa z pla\u017cy miejskiej Marsz po lesie w Zalesiu &#8211; start z pla\u017cy miejskiej &#8230;<\/p>\n","protected":false},"author":2,"featured_media":0,"parent":53,"menu_order":0,"comment_status":"closed","ping_status":"closed","template":"","meta":{"ngg_post_thumbnail":0,"footnotes":""},"class_list":["post-2560","page","type-page","status-publish","hentry"],"yoast_head":"<!-- This site is optimized with the Yoast SEO plugin v27.4 - https:\/\/yoast.com\/product\/yoast-seo-wordpress\/ -->\n<title>Szlaki turystyczne i rowerowe na terenie Gminy Barczewo. Czyli wycieczka do lasu prosto z domk\u00f3w. - Zalesie 7D<\/title>\n<meta name=\"robots\" content=\"index, follow, max-snippet:-1, max-image-preview:large, max-video-preview:-1\" \/>\n<link rel=\"canonical\" href=\"https:\/\/wzalesiu.pl\/index.php\/atrakcje-na-mazurach-zalesie\/szlaki-turystyczne-i-rowerowe-na-terenie-gminy-barczewo\/\" \/>\n<meta property=\"og:locale\" content=\"pl_PL\" \/>\n<meta property=\"og:type\" content=\"article\" \/>\n<meta property=\"og:title\" content=\"Szlaki turystyczne i rowerowe na terenie Gminy Barczewo. Czyli wycieczka do lasu prosto z domk\u00f3w. - Zalesie 7D\" \/>\n<meta property=\"og:description\" content=\"Przed zapoznaniem si\u0119 z trasami szlak\u00f3w na terenie ca\u0142ej gminy zapraszam do obejrzenia proponowanych wycieczek w okolicy domk\u00f3w. Pierwsza to trasa spacerowa z pla\u017cy miejskiej Marsz po lesie w Zalesiu &#8211; start z pla\u017cy miejskiej ...\" \/>\n<meta property=\"og:url\" content=\"https:\/\/wzalesiu.pl\/index.php\/atrakcje-na-mazurach-zalesie\/szlaki-turystyczne-i-rowerowe-na-terenie-gminy-barczewo\/\" \/>\n<meta property=\"og:site_name\" content=\"Zalesie 7D\" \/>\n<meta property=\"article:publisher\" content=\"https:\/\/www.facebook.com\/Domkiwzalesiu\/?locale=pl_PL\" \/>\n<meta property=\"article:modified_time\" content=\"2022-02-24T15:14:38+00:00\" \/>\n<meta property=\"og:image\" content=\"https:\/\/wzalesiu.pl\/wp-content\/uploads\/2022\/02\/szlak_plaza.png\" \/>\n<meta name=\"twitter:card\" content=\"summary_large_image\" \/>\n<meta name=\"twitter:label1\" content=\"Szacowany czas czytania\" \/>\n\t<meta name=\"twitter:data1\" content=\"6 minut\" \/>\n<!-- \/ Yoast SEO plugin. -->","yoast_head_json":{"title":"Szlaki turystyczne i rowerowe na terenie Gminy Barczewo. Czyli wycieczka do lasu prosto z domk\u00f3w. - Zalesie 7D","robots":{"index":"index","follow":"follow","max-snippet":"max-snippet:-1","max-image-preview":"max-image-preview:large","max-video-preview":"max-video-preview:-1"},"canonical":"https:\/\/wzalesiu.pl\/index.php\/atrakcje-na-mazurach-zalesie\/szlaki-turystyczne-i-rowerowe-na-terenie-gminy-barczewo\/","og_locale":"pl_PL","og_type":"article","og_title":"Szlaki turystyczne i rowerowe na terenie Gminy Barczewo. Czyli wycieczka do lasu prosto z domk\u00f3w. - Zalesie 7D","og_description":"Przed zapoznaniem si\u0119 z trasami szlak\u00f3w na terenie ca\u0142ej gminy zapraszam do obejrzenia proponowanych wycieczek w okolicy domk\u00f3w. Pierwsza to trasa spacerowa z pla\u017cy miejskiej Marsz po lesie w Zalesiu &#8211; start z pla\u017cy miejskiej ...","og_url":"https:\/\/wzalesiu.pl\/index.php\/atrakcje-na-mazurach-zalesie\/szlaki-turystyczne-i-rowerowe-na-terenie-gminy-barczewo\/","og_site_name":"Zalesie 7D","article_publisher":"https:\/\/www.facebook.com\/Domkiwzalesiu\/?locale=pl_PL","article_modified_time":"2022-02-24T15:14:38+00:00","og_image":[{"url":"https:\/\/wzalesiu.pl\/wp-content\/uploads\/2022\/02\/szlak_plaza.png","type":"","width":"","height":""}],"twitter_card":"summary_large_image","twitter_misc":{"Szacowany czas czytania":"6 minut"},"schema":{"@context":"https:\/\/schema.org","@graph":[{"@type":"WebPage","@id":"https:\/\/wzalesiu.pl\/index.php\/atrakcje-na-mazurach-zalesie\/szlaki-turystyczne-i-rowerowe-na-terenie-gminy-barczewo\/","url":"https:\/\/wzalesiu.pl\/index.php\/atrakcje-na-mazurach-zalesie\/szlaki-turystyczne-i-rowerowe-na-terenie-gminy-barczewo\/","name":"Szlaki turystyczne i rowerowe na terenie Gminy Barczewo. Czyli wycieczka do lasu prosto z domk\u00f3w. - Zalesie 7D","isPartOf":{"@id":"https:\/\/wzalesiu.pl\/#website"},"primaryImageOfPage":{"@id":"https:\/\/wzalesiu.pl\/index.php\/atrakcje-na-mazurach-zalesie\/szlaki-turystyczne-i-rowerowe-na-terenie-gminy-barczewo\/#primaryimage"},"image":{"@id":"https:\/\/wzalesiu.pl\/index.php\/atrakcje-na-mazurach-zalesie\/szlaki-turystyczne-i-rowerowe-na-terenie-gminy-barczewo\/#primaryimage"},"thumbnailUrl":"https:\/\/wzalesiu.pl\/wp-content\/uploads\/2022\/02\/szlak_plaza.png","datePublished":"2022-02-24T14:25:53+00:00","dateModified":"2022-02-24T15:14:38+00:00","breadcrumb":{"@id":"https:\/\/wzalesiu.pl\/index.php\/atrakcje-na-mazurach-zalesie\/szlaki-turystyczne-i-rowerowe-na-terenie-gminy-barczewo\/#breadcrumb"},"inLanguage":"pl-PL","potentialAction":[{"@type":"ReadAction","target":["https:\/\/wzalesiu.pl\/index.php\/atrakcje-na-mazurach-zalesie\/szlaki-turystyczne-i-rowerowe-na-terenie-gminy-barczewo\/"]}]},{"@type":"ImageObject","inLanguage":"pl-PL","@id":"https:\/\/wzalesiu.pl\/index.php\/atrakcje-na-mazurach-zalesie\/szlaki-turystyczne-i-rowerowe-na-terenie-gminy-barczewo\/#primaryimage","url":"https:\/\/wzalesiu.pl\/wp-content\/uploads\/2022\/02\/szlak_plaza.png","contentUrl":"https:\/\/wzalesiu.pl\/wp-content\/uploads\/2022\/02\/szlak_plaza.png","width":906,"height":434},{"@type":"BreadcrumbList","@id":"https:\/\/wzalesiu.pl\/index.php\/atrakcje-na-mazurach-zalesie\/szlaki-turystyczne-i-rowerowe-na-terenie-gminy-barczewo\/#breadcrumb","itemListElement":[{"@type":"ListItem","position":1,"name":"Strona g\u0142\u00f3wna","item":"https:\/\/wzalesiu.pl\/"},{"@type":"ListItem","position":2,"name":"Atrakcje","item":"https:\/\/wzalesiu.pl\/index.php\/atrakcje-na-mazurach-zalesie\/"},{"@type":"ListItem","position":3,"name":"Szlaki turystyczne i rowerowe na terenie Gminy Barczewo. Czyli wycieczka do lasu prosto z domk\u00f3w."}]},{"@type":"WebSite","@id":"https:\/\/wzalesiu.pl\/#website","url":"https:\/\/wzalesiu.pl\/","name":"Domki nad jeziorem - Zalesie 7D","description":"Domki nad jeziorem z w\u0142asn\u0105 lini\u0105 brzegow\u0105 i jacuzzi","publisher":{"@id":"https:\/\/wzalesiu.pl\/#organization"},"potentialAction":[{"@type":"SearchAction","target":{"@type":"EntryPoint","urlTemplate":"https:\/\/wzalesiu.pl\/?s={search_term_string}"},"query-input":{"@type":"PropertyValueSpecification","valueRequired":true,"valueName":"search_term_string"}}],"inLanguage":"pl-PL"},{"@type":"Organization","@id":"https:\/\/wzalesiu.pl\/#organization","name":"Domki nad Jeziorem - Zalesie 7D","url":"https:\/\/wzalesiu.pl\/","logo":{"@type":"ImageObject","inLanguage":"pl-PL","@id":"https:\/\/wzalesiu.pl\/#\/schema\/logo\/image\/","url":"https:\/\/wzalesiu.pl\/wp-content\/uploads\/2020\/03\/cropped-Logo-wzalesiu_stronka.png","contentUrl":"https:\/\/wzalesiu.pl\/wp-content\/uploads\/2020\/03\/cropped-Logo-wzalesiu_stronka.png","width":161,"height":161,"caption":"Domki nad Jeziorem - Zalesie 7D"},"image":{"@id":"https:\/\/wzalesiu.pl\/#\/schema\/logo\/image\/"},"sameAs":["https:\/\/www.facebook.com\/Domkiwzalesiu\/?locale=pl_PL"]}]}},"_links":{"self":[{"href":"https:\/\/wzalesiu.pl\/index.php\/wp-json\/wp\/v2\/pages\/2560","targetHints":{"allow":["GET"]}}],"collection":[{"href":"https:\/\/wzalesiu.pl\/index.php\/wp-json\/wp\/v2\/pages"}],"about":[{"href":"https:\/\/wzalesiu.pl\/index.php\/wp-json\/wp\/v2\/types\/page"}],"author":[{"embeddable":true,"href":"https:\/\/wzalesiu.pl\/index.php\/wp-json\/wp\/v2\/users\/2"}],"replies":[{"embeddable":true,"href":"https:\/\/wzalesiu.pl\/index.php\/wp-json\/wp\/v2\/comments?post=2560"}],"version-history":[{"count":2,"href":"https:\/\/wzalesiu.pl\/index.php\/wp-json\/wp\/v2\/pages\/2560\/revisions"}],"predecessor-version":[{"id":2565,"href":"https:\/\/wzalesiu.pl\/index.php\/wp-json\/wp\/v2\/pages\/2560\/revisions\/2565"}],"up":[{"embeddable":true,"href":"https:\/\/wzalesiu.pl\/index.php\/wp-json\/wp\/v2\/pages\/53"}],"wp:attachment":[{"href":"https:\/\/wzalesiu.pl\/index.php\/wp-json\/wp\/v2\/media?parent=2560"}],"curies":[{"name":"wp","href":"https:\/\/api.w.org\/{rel}","templated":true}]}}